CRAN Package Check Results for Package rintimg

Last updated on 2024-05-29 07:58:13 CEST.

Flavor Version Tinstall Tcheck Ttotal Status Flags
r-devel-linux-x86_64-debian-clang 0.1.0 1.94 19.93 21.87 NOTE
r-devel-linux-x86_64-debian-gcc 0.1.0 1.16 15.66 16.82 NOTE
r-devel-linux-x86_64-fedora-clang 0.1.0 28.47 NOTE
r-devel-linux-x86_64-fedora-gcc 0.1.0 26.12 NOTE
r-devel-windows-x86_64 0.1.0 2.00 37.00 39.00 NOTE
r-patched-linux-x86_64 0.1.0 2.01 19.50 21.51 NOTE
r-release-linux-x86_64 0.1.0 1.98 19.42 21.40 NOTE
r-release-macos-arm64 0.1.0 14.00 NOTE
r-release-windows-x86_64 0.1.0 2.00 38.00 40.00 NOTE
r-oldrel-macos-arm64 0.1.0 16.00 NOTE
r-oldrel-macos-x86_64 0.1.0 18.00 NOTE
r-oldrel-windows-x86_64 0.1.0 3.00 36.00 39.00 NOTE

Check Details

Version: 0.1.0
Check: LazyData
Result: NOTE 'LazyData' is specified without a 'data' directory Flavors: r-devel-linux-x86_64-debian-clang, r-devel-linux-x86_64-debian-gcc, r-devel-linux-x86_64-fedora-clang, r-devel-linux-x86_64-fedora-gcc, r-devel-windows-x86_64, r-patched-linux-x86_64, r-release-linux-x86_64, r-release-macos-arm64, r-release-windows-x86_64, r-oldrel-macos-arm64, r-oldrel-macos-x86_64, r-oldrel-windows-x86_64