CRAN Package Check Results for Package riot

Last updated on 2022-09-29 19:49:05 CEST.

Flavor Version Tinstall Tcheck Ttotal Status Flags
r-devel-linux-x86_64-debian-clang 1.0.0 1531.93 154.32 1686.25 OK
r-devel-linux-x86_64-debian-gcc 1.0.0 1346.56 112.31 1458.87 OK
r-devel-linux-x86_64-fedora-clang 1.0.0 3310.04 NOTE
r-devel-linux-x86_64-fedora-gcc 1.0.0 2510.63 OK
r-devel-windows-x86_64 1.0.0 79.00 262.00 341.00 NOTE
r-patched-linux-x86_64 1.0.0 1239.53 151.66 1391.19 OK
r-release-linux-x86_64 1.0.0 1105.65 150.73 1256.38 OK
r-release-macos-arm64 1.0.0 729.00 NOTE
r-release-macos-x86_64 1.0.0 968.00 NOTE
r-release-windows-x86_64 1.0.0 109.00 266.00 375.00 NOTE
r-oldrel-macos-arm64 1.0.0 668.00 NOTE
r-oldrel-macos-x86_64 1.0.0 953.00 NOTE
r-oldrel-windows-ix86+x86_64 1.0.0 115.00 377.00 492.00 NOTE

Check Details

Version: 1.0.0
Check: installed package size
Result: NOTE
     installed size is 15.5Mb
     sub-directories of 1Mb or more:
     extdata 5.4Mb
     libs 9.9Mb
Flavors: r-devel-linux-x86_64-fedora-clang, r-devel-windows-x86_64, r-release-macos-arm64, r-release-macos-x86_64, r-release-windows-x86_64, r-oldrel-macos-arm64, r-oldrel-macos-x86_64, r-oldrel-windows-ix86+x86_64