CRAN Package Check Results for Package ripc

Last updated on 2025-01-26 01:48:36 CET.

Flavor Version Tinstall Tcheck Ttotal Status Flags
r-devel-linux-x86_64-debian-clang 0.3.1 4.39 37.21 41.60 NOTE
r-devel-linux-x86_64-debian-gcc 0.3.1 3.21 28.54 31.75 NOTE
r-devel-linux-x86_64-fedora-clang 0.3.1 68.57 OK
r-devel-linux-x86_64-fedora-gcc 0.3.1 80.53 NOTE
r-devel-windows-x86_64 0.3.1 6.00 58.00 64.00 OK
r-patched-linux-x86_64 0.3.1 4.20 35.19 39.39 OK
r-release-linux-x86_64 0.3.1 3.79 34.83 38.62 OK
r-release-macos-arm64 0.3.1 38.00 OK
r-release-macos-x86_64 0.3.1 57.00 OK
r-release-windows-x86_64 0.3.1 7.00 60.00 67.00 OK
r-oldrel-macos-arm64 0.3.1 40.00 OK
r-oldrel-macos-x86_64 0.3.1 52.00 OK
r-oldrel-windows-x86_64 0.3.1 9.00 62.00 71.00 OK

Check Details

Version: 0.3.1
Check: DESCRIPTION meta-information
Result: NOTE Missing dependency on R >= 4.1.0 because package code uses the pipe |> or function shorthand \(...) syntax added in R 4.1.0. File(s) using such syntax: ‘population_utils.R’ Flavors: r-devel-linux-x86_64-debian-clang, r-devel-linux-x86_64-debian-gcc, r-devel-linux-x86_64-fedora-gcc