CRAN Package Check Results for Package ripc

Last updated on 2024-02-25 17:50:30 CET.

Flavor Version Tinstall Tcheck Ttotal Status Flags
r-devel-linux-x86_64-debian-clang 0.2.0 3.20 34.14 37.34 NOTE
r-devel-linux-x86_64-debian-gcc 0.2.0 2.86 26.20 29.06 NOTE
r-devel-linux-x86_64-fedora-clang 0.2.0 46.39 OK
r-devel-linux-x86_64-fedora-gcc 0.2.0 56.39 OK
r-devel-windows-x86_64 0.2.0 4.00 50.00 54.00 OK
r-patched-linux-x86_64 0.2.0 2.55 33.17 35.72 OK
r-release-linux-x86_64 0.2.0 2.06 33.34 35.40 OK
r-release-macos-arm64 0.2.0 49.00 OK
r-release-macos-x86_64 0.2.0 76.00 OK
r-release-windows-x86_64 0.2.0 5.00 51.00 56.00 OK
r-oldrel-macos-arm64 0.2.0 28.00 OK
r-oldrel-windows-x86_64 0.2.0 6.00 53.00 59.00 OK

Check Details

Version: 0.2.0
Check: Rd files
Result: NOTE checkRd: (-1) ipc_get_analyses.Rd:46: Lost braces; missing escapes or markup? 46 | available on the \strong{analyses/{id}/{period}} advanced API endpoint, | ^ checkRd: (-1) ipc_get_analyses.Rd:46: Lost braces; missing escapes or markup? 46 | available on the \strong{analyses/{id}/{period}} advanced API endpoint, | ^ checkRd: (-1) ipc_get_areas.Rd:50: Lost braces; missing escapes or markup? 50 | and period, available on the \strong{areas/{id}/{period}} advanced API endpoint, | ^ checkRd: (-1) ipc_get_areas.Rd:50: Lost braces; missing escapes or markup? 50 | and period, available on the \strong{areas/{id}/{period}} advanced API endpoint, | ^ checkRd: (-1) ipc_get_icons.Rd:49: Lost braces; missing escapes or markup? 49 | and period, available on the \strong{types/{id}/{period}} advanced API endpoint, | ^ checkRd: (-1) ipc_get_icons.Rd:49: Lost braces; missing escapes or markup? 49 | and period, available on the \strong{types/{id}/{period}} advanced API endpoint, | ^ checkRd: (-1) ipc_get_points.Rd:47: Lost braces; missing escapes or markup? 47 | and period, available on the \strong{types/{id}/{period}} advanced API endpoint, | ^ checkRd: (-1) ipc_get_points.Rd:47: Lost braces; missing escapes or markup? 47 | and period, available on the \strong{types/{id}/{period}} advanced API endpoint, | ^ checkRd: (-1) ipc_get_population.Rd:49: Lost braces; missing escapes or markup? 49 | analysis, available on the \strong{types/{id}} advanced API endpoint, | ^ Flavors: r-devel-linux-x86_64-debian-clang, r-devel-linux-x86_64-debian-gcc