CRAN Package Check Results for Package riskParityPortfolio

Last updated on 2022-11-28 08:52:00 CET.

Flavor Version Tinstall Tcheck Ttotal Status Flags
r-devel-linux-x86_64-debian-clang 0.2.2 80.69 56.27 136.96 OK
r-devel-linux-x86_64-debian-gcc 0.2.2 71.29 46.84 118.13 OK
r-devel-linux-x86_64-fedora-clang 0.2.2 213.11 OK
r-devel-linux-x86_64-fedora-gcc 0.2.2 203.82 OK
r-devel-windows-x86_64 0.2.2 92.00 110.00 202.00 OK
r-patched-linux-x86_64 0.2.2 54.36 56.58 110.94 OK
r-release-linux-x86_64 0.2.2 65.30 55.89 121.19 OK
r-release-macos-arm64 0.2.2 54.00 NOTE
r-release-macos-x86_64 0.2.2 94.00 NOTE
r-release-windows-x86_64 0.2.2 120.00 110.00 230.00 OK
r-oldrel-macos-arm64 0.2.2 65.00 NOTE
r-oldrel-macos-x86_64 0.2.2 71.00 NOTE
r-oldrel-windows-ix86+x86_64 0.2.2 206.00 122.00 328.00 OK

Check Details

Version: 0.2.2
Check: installed package size
Result: NOTE
     installed size is 23.9Mb
     sub-directories of 1Mb or more:
     doc 1.4Mb
     libs 22.4Mb
Flavors: r-release-macos-arm64, r-release-macos-x86_64, r-oldrel-macos-arm64, r-oldrel-macos-x86_64