CRAN Package Check Results for Package riskParityPortfolio

Last updated on 2020-07-05 06:47:27 CEST.

Flavor Version Tinstall Tcheck Ttotal Status Flags
r-devel-linux-x86_64-debian-clang 0.2.1 93.96 49.66 143.62 OK
r-devel-linux-x86_64-debian-gcc 0.2.1 69.78 41.62 111.40 OK
r-devel-linux-x86_64-fedora-clang 0.2.1 204.00 NOTE
r-devel-linux-x86_64-fedora-gcc 0.2.1 191.07 OK
r-devel-windows-ix86+x86_64 0.2.1 212.00 89.00 301.00 OK
r-patched-linux-x86_64 0.2.1 78.14 53.29 131.43 OK
r-patched-solaris-x86 0.2.1 172.00 OK
r-release-linux-x86_64 0.2.1 76.00 53.29 129.29 OK
r-release-osx-x86_64 0.2.1 NOTE
r-release-windows-ix86+x86_64 0.2.1 154.00 93.00 247.00 OK
r-oldrel-osx-x86_64 0.2.1 NOTE
r-oldrel-windows-ix86+x86_64 0.2.1 155.00 112.00 267.00 OK

Check Details

Version: 0.2.1
Check: installed package size
Result: NOTE
     installed size is 24.5Mb
     sub-directories of 1Mb or more:
     doc 1.4Mb
     libs 22.9Mb
Flavors: r-devel-linux-x86_64-fedora-clang, r-release-osx-x86_64, r-oldrel-osx-x86_64