CRAN Package Check Results for Package riskParityPortfolio

Last updated on 2019-11-21 06:48:06 CET.

Flavor Version Tinstall Tcheck Ttotal Status Flags
r-devel-linux-x86_64-debian-clang 0.2.1 79.35 49.07 128.42 OK
r-devel-linux-x86_64-debian-gcc 0.2.1 68.50 42.06 110.56 OK
r-devel-linux-x86_64-fedora-clang 0.2.1 200.69 NOTE
r-devel-linux-x86_64-fedora-gcc 0.2.1 190.61 OK
r-devel-windows-ix86+x86_64 0.2.1 188.00 79.00 267.00 OK
r-devel-windows-ix86+x86_64-gcc8 0.2.1 156.00 90.00 246.00 OK
r-patched-linux-x86_64 0.2.1 80.37 49.25 129.62 OK
r-patched-solaris-x86 0.2.1 169.30 OK
r-release-linux-x86_64 0.2.1 74.36 49.58 123.94 OK
r-release-windows-ix86+x86_64 0.2.1 192.00 120.00 312.00 OK
r-release-osx-x86_64 0.2.1 NOTE
r-oldrel-windows-ix86+x86_64 0.2.1 142.00 109.00 251.00 OK
r-oldrel-osx-x86_64 0.2.1 NOTE

Check Details

Version: 0.2.1
Check: installed package size
Result: NOTE
     installed size is 24.0Mb
     sub-directories of 1Mb or more:
     doc 1.4Mb
     libs 22.4Mb
Flavors: r-devel-linux-x86_64-fedora-clang, r-release-osx-x86_64, r-oldrel-osx-x86_64