CRAN Package Check Results for Package riskRegression

Last updated on 2019-05-20 12:48:37 CEST.

Flavor Version Tinstall Tcheck Ttotal Status Flags
r-devel-linux-x86_64-debian-clang 2019.01.29 157.01 359.23 516.24 OK
r-devel-linux-x86_64-debian-gcc 2019.01.29 128.00 324.94 452.94 OK
r-devel-linux-x86_64-fedora-clang 2019.01.29 660.25 NOTE
r-devel-linux-x86_64-fedora-gcc 2019.01.29 581.52 OK
r-devel-windows-ix86+x86_64 2019.01.29 419.00 673.00 1092.00 OK
r-patched-linux-x86_64 2019.01.29 154.06 347.49 501.55 OK
r-patched-solaris-x86 2019.01.29 689.10 OK
r-release-linux-x86_64 2019.01.29 152.69 345.14 497.83 OK
r-release-windows-ix86+x86_64 2019.01.29 426.00 637.00 1063.00 OK
r-release-osx-x86_64 2019.01.29 NOTE
r-oldrel-windows-ix86+x86_64 2019.01.29 292.00 447.00 739.00 OK
r-oldrel-osx-x86_64 2019.01.29 NOTE

Check Details

Version: 2019.01.29
Check: installed package size
Result: NOTE
     installed size is 7.1Mb
     sub-directories of 1Mb or more:
     libs 6.1Mb
Flavors: r-devel-linux-x86_64-fedora-clang, r-release-osx-x86_64, r-oldrel-osx-x86_64