CRAN Package Check Results for Package risksetROC

Last updated on 2020-03-30 18:49:11 CEST.

Flavor Version Tinstall Tcheck Ttotal Status Flags
r-devel-linux-x86_64-debian-clang 1.0.4 7.92 60.01 67.93 NOTE
r-devel-linux-x86_64-debian-gcc 1.0.4 6.60 47.48 54.08 NOTE
r-devel-linux-x86_64-fedora-clang 1.0.4 80.89 NOTE
r-devel-linux-x86_64-fedora-gcc 1.0.4 79.97 NOTE
r-devel-windows-ix86+x86_64 1.0.4 14.00 63.00 77.00 NOTE
r-devel-windows-ix86+x86_64-gcc8 1.0.4 13.00 68.00 81.00 NOTE
r-patched-linux-x86_64 1.0.4 8.52 58.49 67.01 NOTE
r-patched-solaris-x86 1.0.4 128.60 NOTE
r-release-linux-x86_64 1.0.4 6.26 56.40 62.66 NOTE
r-release-windows-ix86+x86_64 1.0.4 17.00 75.00 92.00 NOTE
r-release-osx-x86_64 1.0.4 NOTE
r-oldrel-windows-ix86+x86_64 1.0.4 10.00 89.00 99.00 NOTE
r-oldrel-osx-x86_64 1.0.4 NOTE

Check Details

Version: 1.0.4
Check: R code for possible problems
Result: NOTE
    KM.plot: no visible global function definition for 'lines'
    SchoenSmooth: no visible global function definition for 'lm'
    llCoxReg: no visible binding for global variable 'time'
    risksetAUC: no visible global function definition for 'abline'
    risksetROC: no visible global function definition for 'abline'
    weightedKM: no visible binding for global variable 'time'
    Undefined global functions or variables:
     abline lines lm time
    Consider adding
     importFrom("graphics", "abline", "lines")
     importFrom("stats", "lm", "time")
    to your NAMESPACE file.
Flavors: r-devel-linux-x86_64-debian-clang, r-devel-linux-x86_64-debian-gcc, r-devel-linux-x86_64-fedora-clang, r-devel-linux-x86_64-fedora-gcc, r-devel-windows-ix86+x86_64, r-devel-windows-ix86+x86_64-gcc8, r-patched-linux-x86_64, r-patched-solaris-x86

Version: 1.0.4
Check: R code for possible problems
Result: NOTE
    KM.plot: no visible global function definition for ‘plot’
    KM.plot: no visible global function definition for ‘lines’
    SchoenSmooth: no visible global function definition for ‘lm’
    llCoxReg: no visible binding for global variable ‘time’
    risksetAUC: no visible global function definition for ‘abline’
    risksetROC: no visible global function definition for ‘abline’
    weightedKM: no visible binding for global variable ‘time’
    Undefined global functions or variables:
     abline lines lm plot time
    Consider adding
     importFrom("graphics", "abline", "lines", "plot")
     importFrom("stats", "lm", "time")
    to your NAMESPACE file.
Flavors: r-release-linux-x86_64, r-release-windows-ix86+x86_64, r-release-osx-x86_64, r-oldrel-windows-ix86+x86_64, r-oldrel-osx-x86_64