CRAN Package Check Results for Package risksetROC

Last updated on 2021-06-15 10:50:01 CEST.

Flavor Version Tinstall Tcheck Ttotal Status Flags
r-devel-linux-x86_64-debian-clang 1.0.4 7.86 65.00 72.86 NOTE
r-devel-linux-x86_64-debian-gcc 1.0.4 6.21 50.32 56.53 NOTE
r-devel-linux-x86_64-fedora-clang 1.0.4 95.97 NOTE
r-devel-linux-x86_64-fedora-gcc 1.0.4 84.58 NOTE
r-devel-windows-x86_64 1.0.4 11.00 85.00 96.00 NOTE
r-devel-windows-x86_64-gcc10-UCRT 1.0.4 NOTE
r-patched-linux-x86_64 1.0.4 7.66 62.60 70.26 NOTE
r-patched-solaris-x86 1.0.4 127.70 NOTE
r-release-linux-x86_64 1.0.4 5.69 62.40 68.09 NOTE
r-release-macos-arm64 1.0.4 NOTE
r-release-macos-x86_64 1.0.4 NOTE
r-release-windows-ix86+x86_64 1.0.4 16.00 65.00 81.00 NOTE
r-oldrel-macos-x86_64 1.0.4 NOTE
r-oldrel-windows-ix86+x86_64 1.0.4 10.00 88.00 98.00 NOTE

Check Details

Version: 1.0.4
Check: R code for possible problems
Result: NOTE
    KM.plot: no visible global function definition for 'lines'
    SchoenSmooth: no visible global function definition for 'lm'
    llCoxReg: no visible binding for global variable 'time'
    risksetAUC: no visible global function definition for 'abline'
    risksetROC: no visible global function definition for 'abline'
    weightedKM: no visible binding for global variable 'time'
    Undefined global functions or variables:
     abline lines lm time
    Consider adding
     importFrom("graphics", "abline", "lines")
     importFrom("stats", "lm", "time")
    to your NAMESPACE file.
Flavors: r-devel-linux-x86_64-debian-clang, r-devel-linux-x86_64-debian-gcc, r-devel-linux-x86_64-fedora-clang, r-devel-linux-x86_64-fedora-gcc, r-devel-windows-x86_64, r-devel-windows-x86_64-gcc10-UCRT, r-patched-linux-x86_64, r-patched-solaris-x86, r-release-linux-x86_64, r-release-macos-arm64, r-release-macos-x86_64, r-release-windows-ix86+x86_64, r-oldrel-macos-x86_64, r-oldrel-windows-ix86+x86_64