CRAN Package Check Results for Package riverdist

Last updated on 2020-04-02 19:48:39 CEST.

Flavor Version Tinstall Tcheck Ttotal Status Flags
r-devel-linux-x86_64-debian-clang 0.15.0 14.31 138.81 153.12 OK
r-devel-linux-x86_64-debian-gcc 0.15.0 10.61 104.90 115.51 OK
r-devel-linux-x86_64-fedora-clang 0.15.0 178.94 OK
r-devel-linux-x86_64-fedora-gcc 0.15.0 178.11 OK
r-devel-windows-ix86+x86_64 0.15.0 25.00 136.00 161.00 OK
r-devel-windows-ix86+x86_64-gcc8 0.15.0 20.00 143.00 163.00 OK
r-patched-linux-x86_64 0.15.0 13.72 133.62 147.34 OK
r-patched-solaris-x86 0.15.0 254.50 NOTE
r-release-linux-x86_64 0.15.0 13.60 123.47 137.07 OK
r-release-windows-ix86+x86_64 0.15.0 21.00 139.00 160.00 OK
r-release-osx-x86_64 0.15.0 OK
r-oldrel-windows-ix86+x86_64 0.15.0 24.00 137.00 161.00 OK
r-oldrel-osx-x86_64 0.15.0 OK

Check Details

Version: 0.15.0
Check: installed package size
Result: NOTE
     installed size is 5.3Mb
     sub-directories of 1Mb or more:
     data 3.6Mb
Flavor: r-patched-solaris-x86