CRAN Package Check Results for Package rivervis

Last updated on 2019-03-26 03:48:39 CET.

Flavor Version Tinstall Tcheck Ttotal Status Flags
r-devel-linux-x86_64-debian-clang 0.46.0 2.77 24.29 27.06 NOTE
r-devel-linux-x86_64-debian-gcc 0.46.0 2.51 19.73 22.24 NOTE
r-devel-linux-x86_64-fedora-clang 0.46.0 33.33 NOTE
r-devel-linux-x86_64-fedora-gcc 0.46.0 33.96 NOTE
r-devel-windows-ix86+x86_64 0.46.0 7.00 49.00 56.00 NOTE
r-patched-linux-x86_64 0.46.0 2.40 22.67 25.07 NOTE
r-patched-solaris-x86 0.46.0 44.80 NOTE
r-release-linux-x86_64 0.46.0 1.65 22.95 24.60 NOTE
r-release-windows-ix86+x86_64 0.46.0 4.00 31.00 35.00 NOTE
r-release-osx-x86_64 0.46.0 NOTE
r-oldrel-windows-ix86+x86_64 0.46.0 3.00 33.00 36.00 NOTE
r-oldrel-osx-x86_64 0.46.0 NOTE

Check Details

Version: 0.46.0
Check: R code for possible problems
Result: NOTE
    RiverAxisLabel: no visible global function definition for 'text'
    RiverBar: no visible global function definition for 'points'
    RiverBar: no visible global function definition for 'rect'
    RiverBar: no visible global function definition for 'text'
    RiverBlock: no visible global function definition for 'points'
    RiverBlock: no visible global function definition for 'rect'
    RiverBlock: no visible global function definition for 'text'
    RiverBlockChart: no visible global function definition for 'par'
    RiverBlockChart: no visible global function definition for 'plot.new'
    RiverBlockChart: no visible global function definition for 'rect'
    RiverBlockChart: no visible global function definition for 'text'
    RiverDirection: no visible global function definition for 'locator'
    RiverDirection: no visible global function definition for 'arrows'
    RiverDirection: no visible global function definition for 'text'
    RiverDraw: no visible global function definition for 'par'
    RiverDraw: no visible global function definition for 'plot.new'
    RiverDraw: no visible global function definition for 'rect'
    RiverDraw: no visible global function definition for 'segments'
    RiverDraw: no visible global function definition for 'points'
    RiverFrame: no visible global function definition for 'rect'
    RiverFrame: no visible global function definition for 'segments'
    RiverFrame: no visible global function definition for 'points'
    RiverLabel: no visible global function definition for 'text'
    RiverMap: no visible global function definition for 'par'
    RiverMap: no visible global function definition for 'plot.new'
    RiverMap: no visible global function definition for 'rect'
    RiverMap: no visible global function definition for 'segments'
    RiverMap: no visible global function definition for 'points'
    RiverPoint: no visible global function definition for 'points'
    RiverPoint: no visible global function definition for 'text'
    RiverReach: no visible global function definition for 'rect'
    RiverReach: no visible global function definition for 'segments'
    RiverReach: no visible global function definition for 'points'
    RiverScale: no visible global function definition for 'locator'
    RiverScale: no visible global function definition for 'segments'
    RiverScale: no visible global function definition for 'text'
    RiverSite: no visible global function definition for 'points'
    RiverSite: no visible global function definition for 'text'
    RiverTM: no visible global function definition for 'segments'
    RiverTM: no visible global function definition for 'text'
    Undefined global functions or variables:
     arrows locator par plot.new points rect segments text
    Consider adding
     importFrom("graphics", "arrows", "locator", "par", "plot.new",
     "points", "rect", "segments", "text")
    to your NAMESPACE file.
Flavors: r-devel-linux-x86_64-debian-clang, r-devel-linux-x86_64-debian-gcc, r-devel-linux-x86_64-fedora-clang, r-devel-linux-x86_64-fedora-gcc, r-devel-windows-ix86+x86_64, r-patched-linux-x86_64, r-patched-solaris-x86, r-release-linux-x86_64, r-release-windows-ix86+x86_64, r-release-osx-x86_64, r-oldrel-windows-ix86+x86_64, r-oldrel-osx-x86_64