CRAN Package Check Results for Package rjdmarkdown

Last updated on 2022-11-28 01:51:44 CET.

Flavor Version Tinstall Tcheck Ttotal Status Flags
r-devel-linux-x86_64-debian-clang 0.2.0 7.87 113.77 121.64 NOTE
r-devel-linux-x86_64-debian-gcc 0.2.0 6.03 85.65 91.68 NOTE
r-devel-linux-x86_64-fedora-clang 0.2.0 157.88 NOTE
r-devel-linux-x86_64-fedora-gcc 0.2.0 158.05 NOTE
r-devel-windows-x86_64 0.2.0 29.00 131.00 160.00 NOTE
r-patched-linux-x86_64 0.2.0 4.98 108.03 113.01 NOTE
r-release-linux-x86_64 0.2.0 5.96 99.02 104.98 NOTE
r-release-macos-arm64 0.2.0 39.00 NOTE
r-release-macos-x86_64 0.2.0 69.00 NOTE
r-release-windows-x86_64 0.2.0 25.00 131.00 156.00 NOTE
r-oldrel-macos-arm64 0.2.0 68.00 NOTE
r-oldrel-macos-x86_64 0.2.0 72.00 NOTE
r-oldrel-windows-ix86+x86_64 0.2.0 18.00 127.00 145.00 NOTE

Check Details

Version: 0.2.0
Check: LazyData
Result: NOTE
     'LazyData' is specified without a 'data' directory
Flavors: r-devel-linux-x86_64-debian-clang, r-devel-linux-x86_64-debian-gcc, r-devel-linux-x86_64-fedora-clang, r-devel-linux-x86_64-fedora-gcc, r-devel-windows-x86_64, r-patched-linux-x86_64, r-release-linux-x86_64, r-release-macos-arm64, r-release-macos-x86_64, r-release-windows-x86_64, r-oldrel-macos-arm64, r-oldrel-macos-x86_64, r-oldrel-windows-ix86+x86_64