CRAN Package Check Results for Package rje

Last updated on 2020-04-09 21:48:15 CEST.

Flavor Version Tinstall Tcheck Ttotal Status Flags
r-devel-linux-x86_64-debian-clang 1.10.15 4.48 37.21 41.69 OK
r-devel-linux-x86_64-debian-gcc 1.10.15 3.24 30.64 33.88 OK
r-devel-linux-x86_64-fedora-clang 1.10.15 50.71 NOTE
r-devel-linux-x86_64-fedora-gcc 1.10.15 49.08 NOTE
r-devel-windows-ix86+x86_64 1.10.15 10.00 91.00 101.00 OK
r-devel-windows-ix86+x86_64-gcc8 1.10.15 11.00 66.00 77.00 OK
r-patched-linux-x86_64 1.10.15 4.40 36.68 41.08 OK
r-patched-osx-x86_64 1.10.15 NOTE
r-patched-solaris-x86 1.10.15 75.00 NOTE
r-release-linux-x86_64 1.10.15 3.85 35.32 39.17 OK
r-release-windows-ix86+x86_64 1.10.15 10.00 82.00 92.00 OK
r-release-osx-x86_64 1.10.15 NOTE
r-oldrel-windows-ix86+x86_64 1.10.15 12.00 60.00 72.00 OK
r-oldrel-osx-x86_64 1.10.15 NOTE

Check Details

Version: 1.10.15
Check: dependencies in R code
Result: NOTE
    Namespace in Imports field not imported from: ‘knitr’
     All declared Imports should be used.
Flavors: r-devel-linux-x86_64-fedora-clang, r-devel-linux-x86_64-fedora-gcc, r-patched-osx-x86_64, r-patched-solaris-x86, r-release-osx-x86_64, r-oldrel-osx-x86_64