CRAN Package Check Results for Package rjqpd

Last updated on 2024-06-16 06:58:56 CEST.

Flavor Version Tinstall Tcheck Ttotal Status Flags
r-devel-linux-x86_64-debian-clang 0.2.3 2.27 25.56 27.83 NOTE
r-devel-linux-x86_64-debian-gcc 0.2.3 1.79 19.44 21.23 NOTE
r-devel-linux-x86_64-fedora-clang 0.2.3 35.14 NOTE
r-devel-linux-x86_64-fedora-gcc 0.2.3 32.79 NOTE
r-devel-windows-x86_64 0.2.3 3.00 42.00 45.00 NOTE
r-patched-linux-x86_64 0.2.3 2.48 24.83 27.31 NOTE
r-release-linux-x86_64 0.2.3 1.99 24.42 26.41 NOTE
r-release-macos-arm64 0.2.3 14.00 NOTE
r-release-macos-x86_64 0.2.3 22.00 NOTE
r-release-windows-x86_64 0.2.3 3.00 44.00 47.00 NOTE
r-oldrel-macos-arm64 0.2.3 14.00 NOTE
r-oldrel-macos-x86_64 0.2.3 19.00 NOTE
r-oldrel-windows-x86_64 0.2.3 3.00 46.00 49.00 NOTE

Check Details

Version: 0.2.3
Check: LazyData
Result: NOTE 'LazyData' is specified without a 'data' directory Flavors: r-devel-linux-x86_64-debian-clang, r-devel-linux-x86_64-debian-gcc, r-devel-linux-x86_64-fedora-clang, r-devel-linux-x86_64-fedora-gcc, r-devel-windows-x86_64, r-patched-linux-x86_64, r-release-linux-x86_64, r-release-macos-arm64, r-release-macos-x86_64, r-release-windows-x86_64, r-oldrel-macos-arm64, r-oldrel-macos-x86_64, r-oldrel-windows-x86_64