Last updated on 2023-02-02 11:54:14 CET.
Flavor | Version | Tinstall | Tcheck | Ttotal | Status | Flags |
---|---|---|---|---|---|---|
r-devel-linux-x86_64-debian-clang | 0.1 | 19.54 | 25.05 | 44.59 | NOTE | |
r-devel-linux-x86_64-debian-gcc | 0.1 | 15.64 | 20.31 | 35.95 | NOTE | |
r-devel-linux-x86_64-fedora-clang | 0.1 | 64.38 | NOTE | |||
r-devel-linux-x86_64-fedora-gcc | 0.1 | 60.87 | NOTE | |||
r-patched-linux-x86_64 | 0.1 | 14.94 | 25.96 | 40.90 | NOTE | |
r-release-linux-x86_64 | 0.1 | 15.54 | 26.23 | 41.77 | NOTE | |
r-release-macos-arm64 | 0.1 | 21.00 | NOTE | |||
r-release-macos-x86_64 | 0.1 | 28.00 | NOTE | |||
r-release-windows-x86_64 | 0.1 | 22.00 | 81.00 | 103.00 | NOTE | |
r-oldrel-macos-arm64 | 0.1 | 24.00 | NOTE | |||
r-oldrel-macos-x86_64 | 0.1 | 41.00 | NOTE | |||
r-oldrel-windows-ix86+x86_64 | 0.1 | 48.00 | 83.00 | 131.00 | NOTE |
Version: 0.1
Check: LazyData
Result: NOTE
'LazyData' is specified without a 'data' directory
Flavors: r-devel-linux-x86_64-debian-clang, r-devel-linux-x86_64-debian-gcc, r-devel-linux-x86_64-fedora-clang, r-devel-linux-x86_64-fedora-gcc, r-patched-linux-x86_64, r-release-linux-x86_64, r-release-macos-arm64, r-release-macos-x86_64, r-release-windows-x86_64, r-oldrel-macos-arm64, r-oldrel-macos-x86_64, r-oldrel-windows-ix86+x86_64
Version: 0.1
Check: compiled code
Result: NOTE
File ‘rkvo/libs/rkvo.so’:
Found no calls to: ‘R_registerRoutines’, ‘R_useDynamicSymbols’
It is good practice to register native routines and to disable symbol
search.
See ‘Writing portable packages’ in the ‘Writing R Extensions’ manual.
Flavors: r-devel-linux-x86_64-fedora-clang, r-devel-linux-x86_64-fedora-gcc