CRAN Package Check Results for Package rlang

Last updated on 2021-09-26 07:50:19 CEST.

Flavor Version Tinstall Tcheck Ttotal Status Flags
r-devel-linux-x86_64-debian-clang 0.4.11 18.19 110.29 128.48 OK
r-devel-linux-x86_64-debian-gcc 0.4.11 11.25 82.70 93.95 OK
r-devel-linux-x86_64-fedora-clang 0.4.11 164.08 OK
r-devel-linux-x86_64-fedora-gcc 0.4.11 158.78 OK
r-devel-windows-x86_64 0.4.11 23.00 109.00 132.00 OK
r-devel-windows-x86_64-gcc10-UCRT 0.4.11 WARN
r-patched-linux-x86_64 0.4.11 14.59 105.88 120.47 OK
r-patched-solaris-x86 0.4.11 213.00 OK
r-release-linux-x86_64 0.4.11 11.37 105.58 116.95 OK
r-release-macos-arm64 0.4.11 OK
r-release-macos-x86_64 0.4.11 NOTE
r-release-windows-ix86+x86_64 0.4.11 41.00 147.00 188.00 OK
r-oldrel-macos-x86_64 0.4.11 OK
r-oldrel-windows-ix86+x86_64 0.4.11 68.00 142.00 210.00 OK

Check Details

Version: 0.4.11
Check: whether package can be installed
Result: WARN
    Found the following significant warnings:
     internal/hash.c:142:16: warning: too many arguments for format [-Wformat-extra-args]
Flavor: r-devel-windows-x86_64-gcc10-UCRT

Version: 0.4.11
Check: Rd cross-references
Result: NOTE
    Package unavailable to check Rd xrefs: ‘glue’
Flavor: r-release-macos-x86_64