Last updated on 2023-03-23 21:50:21 CET.
Flavor | Version | Tinstall | Tcheck | Ttotal | Status | Flags |
---|---|---|---|---|---|---|
r-devel-linux-x86_64-debian-clang | 0.2.1 | 107.70 | 43.14 | 150.84 | OK | |
r-devel-linux-x86_64-debian-gcc | 0.2.1 | 87.83 | 34.26 | 122.09 | OK | |
r-devel-linux-x86_64-fedora-clang | 0.2.1 | 201.51 | NOTE | |||
r-devel-linux-x86_64-fedora-gcc | 0.2.1 | 210.98 | OK | |||
r-patched-linux-x86_64 | 0.2.1 | 110.12 | 41.45 | 151.57 | OK | |
r-release-linux-x86_64 | 0.2.1 | 104.12 | 42.25 | 146.37 | OK | |
r-release-macos-arm64 | 0.2.1 | 64.00 | NOTE | |||
r-release-macos-x86_64 | 0.2.1 | 68.00 | NOTE | |||
r-release-windows-x86_64 | 0.2.1 | 139.00 | 198.00 | 337.00 | NOTE | |
r-oldrel-macos-arm64 | 0.2.1 | 67.00 | NOTE | |||
r-oldrel-macos-x86_64 | 0.2.1 | 71.00 | NOTE | |||
r-oldrel-windows-ix86+x86_64 | 0.2.1 | 211.00 | 103.00 | 314.00 | NOTE |
Version: 0.2.1
Check: installed package size
Result: NOTE
installed size is 5.0Mb
sub-directories of 1Mb or more:
lemon 2.9Mb
libs 1.9Mb
Flavors: r-devel-linux-x86_64-fedora-clang, r-release-macos-arm64, r-release-macos-x86_64, r-release-windows-x86_64, r-oldrel-macos-arm64, r-oldrel-macos-x86_64, r-oldrel-windows-ix86+x86_64