Last updated on 2023-09-24 11:26:57 CEST.
Flavor | Version | Tinstall | Tcheck | Ttotal | Status | Flags |
---|---|---|---|---|---|---|
r-devel-linux-x86_64-debian-clang | 0.2.1 | 105.53 | 44.78 | 150.31 | OK | |
r-devel-linux-x86_64-debian-gcc | 0.2.1 | 91.97 | 34.80 | 126.77 | OK | |
r-devel-linux-x86_64-fedora-clang | 0.2.1 | 202.84 | NOTE | |||
r-devel-linux-x86_64-fedora-gcc | 0.2.1 | 237.08 | OK | |||
r-devel-windows-x86_64 | 0.2.1 | 65.00 | 90.00 | 155.00 | NOTE | |
r-patched-linux-x86_64 | 0.2.1 | 124.12 | 43.31 | 167.43 | OK | |
r-release-linux-x86_64 | 0.2.1 | 125.62 | 43.42 | 169.04 | OK | |
r-release-macos-arm64 | 0.2.1 | 63.00 | NOTE | |||
r-release-macos-x86_64 | 0.2.1 | 98.00 | NOTE | |||
r-release-windows-x86_64 | 0.2.1 | 72.00 | 98.00 | 170.00 | NOTE | |
r-oldrel-macos-arm64 | 0.2.1 | 59.00 | NOTE | |||
r-oldrel-macos-x86_64 | 0.2.1 | 68.00 | NOTE | |||
r-oldrel-windows-x86_64 | 0.2.1 | 91.00 | 96.00 | 187.00 | NOTE |
Version: 0.2.1
Check: installed package size
Result: NOTE
installed size is 5.1Mb
sub-directories of 1Mb or more:
lemon 2.9Mb
libs 1.9Mb
Flavors: r-devel-linux-x86_64-fedora-clang, r-devel-windows-x86_64, r-release-macos-arm64, r-release-macos-x86_64, r-release-windows-x86_64, r-oldrel-macos-arm64, r-oldrel-macos-x86_64, r-oldrel-windows-x86_64