CRAN Package Check Results for Package rlemon

Last updated on 2022-11-29 17:52:15 CET.

Flavor Version Tinstall Tcheck Ttotal Status Flags
r-devel-linux-x86_64-debian-clang 0.2.0 114.52 44.84 159.36 OK
r-devel-linux-x86_64-debian-gcc 0.2.0 91.16 34.98 126.14 OK
r-devel-linux-x86_64-fedora-clang 0.2.0 199.68 OK
r-devel-linux-x86_64-fedora-gcc 0.2.0 222.04 OK
r-devel-windows-x86_64 0.2.0 123.00 115.00 238.00 NOTE
r-patched-linux-x86_64 0.2.0 109.12 40.92 150.04 OK
r-release-linux-x86_64 0.2.0 109.16 41.42 150.58 OK
r-release-macos-arm64 0.2.0 53.00 NOTE
r-release-macos-x86_64 0.2.0 66.00 NOTE
r-release-windows-x86_64 0.2.0 124.00 107.00 231.00 NOTE
r-oldrel-macos-arm64 0.2.0 45.00 NOTE
r-oldrel-macos-x86_64 0.2.0 68.00 NOTE
r-oldrel-windows-ix86+x86_64 0.2.0 209.00 108.00 317.00 NOTE

Check Details

Version: 0.2.0
Check: installed package size
Result: NOTE
     installed size is 5.2Mb
     sub-directories of 1Mb or more:
     lemon 2.9Mb
     libs 2.1Mb
Flavors: r-devel-windows-x86_64, r-release-macos-arm64, r-release-macos-x86_64, r-release-windows-x86_64, r-oldrel-macos-arm64, r-oldrel-macos-x86_64, r-oldrel-windows-ix86+x86_64