Last updated on 2022-07-05 13:50:01 CEST.
Flavor | Version | Tinstall | Tcheck | Ttotal | Status | Flags |
---|---|---|---|---|---|---|
r-devel-linux-x86_64-debian-clang | 0.2.0 | 97.42 | 43.09 | 140.51 | OK | |
r-devel-linux-x86_64-debian-gcc | 0.2.0 | 92.34 | 32.40 | 124.74 | OK | |
r-devel-linux-x86_64-fedora-clang | 0.2.0 | 212.90 | NOTE | |||
r-devel-linux-x86_64-fedora-gcc | 0.2.0 | 221.19 | OK | |||
r-devel-windows-x86_64 | 0.2.0 | 121.00 | 104.00 | 225.00 | NOTE | |
r-patched-linux-x86_64 | 0.2.0 | 97.75 | 40.50 | 138.25 | OK | |
r-release-linux-x86_64 | 0.2.0 | 96.14 | 40.36 | 136.50 | OK | |
r-release-macos-arm64 | 0.2.0 | 53.00 | NOTE | |||
r-release-macos-x86_64 | 0.2.0 | 66.00 | NOTE | |||
r-release-windows-x86_64 | 0.2.0 | 111.00 | 102.00 | 213.00 | NOTE | |
r-oldrel-macos-arm64 | 0.2.0 | 45.00 | NOTE | |||
r-oldrel-macos-x86_64 | 0.2.0 | 68.00 | NOTE | |||
r-oldrel-windows-ix86+x86_64 | 0.2.0 | 208.00 | 100.00 | 308.00 | NOTE |
Version: 0.2.0
Check: installed package size
Result: NOTE
installed size is 14.6Mb
sub-directories of 1Mb or more:
lemon 2.9Mb
libs 11.5Mb
Flavors: r-devel-linux-x86_64-fedora-clang, r-devel-windows-x86_64, r-release-macos-arm64, r-release-macos-x86_64, r-release-windows-x86_64, r-oldrel-macos-arm64, r-oldrel-macos-x86_64, r-oldrel-windows-ix86+x86_64