CRAN Package Check Results for Package rless

Last updated on 2022-05-29 04:58:14 CEST.

Flavor Version Tinstall Tcheck Ttotal Status Flags
r-devel-linux-x86_64-debian-clang 0.1.1 2.04 37.55 39.59 NOTE
r-devel-linux-x86_64-debian-gcc 0.1.1 1.36 28.80 30.16 NOTE
r-devel-linux-x86_64-fedora-clang 0.1.1 49.51 NOTE
r-devel-linux-x86_64-fedora-gcc 0.1.1 36.01 NOTE
r-devel-windows-x86_64 0.1.1 13.00 58.00 71.00 NOTE
r-patched-linux-x86_64 0.1.1 1.76 36.07 37.83 NOTE
r-release-linux-x86_64 0.1.1 1.96 36.18 38.14 NOTE
r-release-macos-arm64 0.1.1 15.00 NOTE
r-release-macos-x86_64 0.1.1 23.00 NOTE
r-release-windows-x86_64 0.1.1 13.00 58.00 71.00 NOTE
r-oldrel-macos-arm64 0.1.1 19.00 NOTE
r-oldrel-macos-x86_64 0.1.1 30.00 NOTE
r-oldrel-windows-ix86+x86_64 0.1.1 5.00 52.00 57.00 NOTE

Check Details

Version: 0.1.1
Check: LazyData
Result: NOTE
     'LazyData' is specified without a 'data' directory
Flavors: r-devel-linux-x86_64-debian-clang, r-devel-linux-x86_64-debian-gcc, r-devel-linux-x86_64-fedora-clang, r-devel-linux-x86_64-fedora-gcc, r-devel-windows-x86_64, r-patched-linux-x86_64, r-release-linux-x86_64, r-release-macos-arm64, r-release-macos-x86_64, r-release-windows-x86_64, r-oldrel-macos-arm64, r-oldrel-macos-x86_64, r-oldrel-windows-ix86+x86_64