CRAN Package Check Results for Package rlog

Last updated on 2021-10-20 04:55:32 CEST.

Flavor Version Tinstall Tcheck Ttotal Status Flags
r-devel-linux-x86_64-debian-clang 0.1.0 1.88 19.80 21.68 NOTE
r-devel-linux-x86_64-debian-gcc 0.1.0 1.39 16.00 17.39 NOTE
r-devel-linux-x86_64-fedora-clang 0.1.0 37.27 NOTE
r-devel-linux-x86_64-fedora-gcc 0.1.0 26.96 NOTE
r-devel-windows-x86_64 0.1.0 3.00 31.00 34.00 NOTE
r-devel-windows-x86_64-gcc10-UCRT 0.1.0 NOTE
r-patched-linux-x86_64 0.1.0 1.51 19.37 20.88 NOTE
r-patched-solaris-x86 0.1.0 42.80 NOTE
r-release-linux-x86_64 0.1.0 1.75 20.07 21.82 NOTE
r-release-macos-arm64 0.1.0 NOTE
r-release-macos-x86_64 0.1.0 NOTE
r-release-windows-ix86+x86_64 0.1.0 4.00 39.00 43.00 NOTE
r-oldrel-macos-x86_64 0.1.0 OK
r-oldrel-windows-ix86+x86_64 0.1.0 6.00 39.00 45.00 OK

Check Details

Version: 0.1.0
Check: LazyData
Result: NOTE
     'LazyData' is specified without a 'data' directory
Flavors: r-devel-linux-x86_64-debian-clang, r-devel-linux-x86_64-debian-gcc, r-devel-linux-x86_64-fedora-clang, r-devel-linux-x86_64-fedora-gcc, r-devel-windows-x86_64, r-devel-windows-x86_64-gcc10-UCRT, r-patched-linux-x86_64, r-patched-solaris-x86, r-release-linux-x86_64, r-release-macos-arm64, r-release-macos-x86_64, r-release-windows-ix86+x86_64