CRAN Package Check Results for Package rmBayes

Last updated on 2021-10-27 15:52:03 CEST.

Flavor Version Tinstall Tcheck Ttotal Status Flags
r-devel-linux-x86_64-debian-clang 0.1.13 1143.91 172.66 1316.57 NOTE
r-devel-linux-x86_64-debian-gcc 0.1.13 1031.21 183.96 1215.17 NOTE
r-devel-linux-x86_64-fedora-clang 0.1.13 2023.08 NOTE
r-devel-linux-x86_64-fedora-gcc 0.1.13 2254.55 NOTE
r-devel-windows-x86_64 0.1.13 1406.00 210.00 1616.00 NOTE
r-devel-windows-x86_64-gcc10-UCRT 0.1.13 NOTE
r-patched-linux-x86_64 0.1.13 1097.68 234.39 1332.07 NOTE
r-patched-solaris-x86 0.1.13 1642.30 NOTE
r-release-linux-x86_64 0.1.13 1095.12 231.45 1326.57 NOTE
r-release-macos-arm64 0.1.13 NOTE
r-release-macos-x86_64 0.1.13 NOTE
r-release-windows-ix86+x86_64 0.1.13 2062.00 451.00 2513.00 NOTE
r-oldrel-macos-x86_64 0.1.13 NOTE
r-oldrel-windows-ix86+x86_64 0.1.13 2801.00 459.00 3260.00 NOTE

Check Details

Version: 0.1.13
Check: for GNU extensions in Makefiles
Result: NOTE
    GNU make is a SystemRequirements.
Flavors: r-devel-linux-x86_64-debian-clang, r-devel-linux-x86_64-debian-gcc, r-devel-linux-x86_64-fedora-clang, r-devel-linux-x86_64-fedora-gcc, r-devel-windows-x86_64, r-devel-windows-x86_64-gcc10-UCRT, r-patched-linux-x86_64, r-patched-solaris-x86, r-release-linux-x86_64, r-release-macos-arm64, r-release-macos-x86_64, r-release-windows-ix86+x86_64, r-oldrel-macos-x86_64, r-oldrel-windows-ix86+x86_64

Version: 0.1.13
Check: installed package size
Result: NOTE
     installed size is 133.6Mb
     sub-directories of 1Mb or more:
     libs 133.2Mb
Flavors: r-devel-linux-x86_64-fedora-clang, r-devel-windows-x86_64, r-patched-solaris-x86, r-release-macos-arm64, r-release-macos-x86_64, r-release-windows-ix86+x86_64, r-oldrel-macos-x86_64, r-oldrel-windows-ix86+x86_64

Version: 0.1.13
Check: dependencies in R code
Result: NOTE
    Namespaces in Imports field not imported from:
     ‘RcppParallel’ ‘rstantools’
     All declared Imports should be used.
Flavors: r-devel-linux-x86_64-fedora-clang, r-devel-linux-x86_64-fedora-gcc, r-devel-windows-x86_64-gcc10-UCRT, r-patched-solaris-x86, r-release-macos-arm64, r-release-macos-x86_64, r-oldrel-macos-x86_64