CRAN Package Check Results for Package rma.exact

Last updated on 2021-09-24 00:48:46 CEST.

Flavor Version Tinstall Tcheck Ttotal Status Flags
r-devel-linux-x86_64-debian-clang 0.1.0 2.79 30.61 33.40 NOTE
r-devel-linux-x86_64-debian-gcc 0.1.0 2.29 23.79 26.08 NOTE
r-devel-linux-x86_64-fedora-clang 0.1.0 48.96 NOTE
r-devel-linux-x86_64-fedora-gcc 0.1.0 40.75 NOTE
r-devel-windows-x86_64 0.1.0 3.00 36.00 39.00 NOTE
r-devel-windows-x86_64-gcc10-UCRT 0.1.0 NOTE
r-patched-linux-x86_64 0.1.0 3.01 29.33 32.34 NOTE
r-patched-solaris-x86 0.1.0 60.20 NOTE
r-release-linux-x86_64 0.1.0 3.05 30.01 33.06 NOTE
r-release-macos-arm64 0.1.0 NOTE
r-release-macos-x86_64 0.1.0 NOTE
r-release-windows-ix86+x86_64 0.1.0 5.00 37.00 42.00 NOTE
r-oldrel-macos-x86_64 0.1.0 OK
r-oldrel-windows-ix86+x86_64 0.1.0 4.00 38.00 42.00 OK

Check Details

Version: 0.1.0
Check: LazyData
Result: NOTE
     'LazyData' is specified without a 'data' directory
Flavors: r-devel-linux-x86_64-debian-clang, r-devel-linux-x86_64-debian-gcc, r-devel-linux-x86_64-fedora-clang, r-devel-linux-x86_64-fedora-gcc, r-devel-windows-x86_64, r-devel-windows-x86_64-gcc10-UCRT, r-patched-linux-x86_64, r-patched-solaris-x86, r-release-linux-x86_64, r-release-macos-arm64, r-release-macos-x86_64, r-release-windows-ix86+x86_64