CRAN Package Check Results for Package rmake

Last updated on 2024-04-22 07:51:00 CEST.

Flavor Version Tinstall Tcheck Ttotal Status Flags
r-devel-linux-x86_64-debian-clang 1.1.0 5.93 51.94 57.87 NOTE
r-devel-linux-x86_64-debian-gcc 1.1.0 3.76 39.14 42.90 NOTE
r-devel-linux-x86_64-fedora-clang 1.1.0 71.70 NOTE
r-devel-linux-x86_64-fedora-gcc 1.1.0 68.05 NOTE
r-prerel-macos-arm64 1.1.0 33.00 NOTE
r-prerel-windows-x86_64 1.1.0 7.00 69.00 76.00 NOTE
r-patched-linux-x86_64 1.1.0 3.75 48.97 52.72 NOTE
r-release-linux-x86_64 1.1.0 5.68 49.45 55.13 NOTE
r-release-macos-arm64 1.1.0 34.00 NOTE
r-release-macos-x86_64 1.1.0 46.00 NOTE
r-release-windows-x86_64 1.1.0 7.00 75.00 82.00 NOTE
r-oldrel-macos-arm64 1.1.0 30.00 NOTE
r-oldrel-windows-x86_64 1.1.0 8.00 83.00 91.00 NOTE

Check Details

Version: 1.1.0
Check: LazyData
Result: NOTE 'LazyData' is specified without a 'data' directory Flavors: r-devel-linux-x86_64-debian-clang, r-devel-linux-x86_64-debian-gcc, r-devel-linux-x86_64-fedora-clang, r-devel-linux-x86_64-fedora-gcc, r-prerel-macos-arm64, r-prerel-windows-x86_64, r-patched-linux-x86_64, r-release-linux-x86_64, r-release-macos-arm64, r-release-macos-x86_64, r-release-windows-x86_64, r-oldrel-macos-arm64, r-oldrel-windows-x86_64