Last updated on 2023-03-24 18:51:18 CET.
Flavor | Version | Tinstall | Tcheck | Ttotal | Status | Flags |
---|---|---|---|---|---|---|
r-devel-linux-x86_64-debian-clang | 0.4.6 | 4.93 | 106.65 | 111.58 | OK | |
r-devel-linux-x86_64-debian-gcc | 0.4.6 | 3.20 | 80.45 | 83.65 | OK | |
r-devel-linux-x86_64-fedora-gcc | 0.4.6 | 146.11 | OK | |||
r-patched-linux-x86_64 | 0.4.6 | 5.67 | 105.16 | 110.83 | OK | |
r-release-linux-x86_64 | 0.4.6 | 4.93 | 105.01 | 109.94 | OK | |
r-release-macos-arm64 | 0.4.6 | 45.00 | OK | |||
r-release-macos-x86_64 | 0.4.6 | 61.00 | OK | |||
r-release-windows-x86_64 | 0.4.6 | 24.00 | 137.00 | 161.00 | OK | |
r-oldrel-macos-arm64 | 0.4.6 | 41.00 | OK | |||
r-oldrel-macos-x86_64 | 0.4.6 | 58.00 | OK | |||
r-oldrel-windows-ix86+x86_64 | 0.4.6 | 18.00 | 207.00 | 225.00 | NOTE |
Version: 0.4.6
Check: R code for possible problems
Result: NOTE
Initiating curl with CURL_SSL_BACKEND: openssl
Flavor: r-oldrel-windows-ix86+x86_64