CRAN Package Check Results for Package rmapzen

Last updated on 2018-08-16 13:48:19 CEST.

Flavor Version Tinstall Tcheck Ttotal Status Flags
r-devel-linux-x86_64-debian-clang 0.3.5 2.95 78.60 81.55 OK
r-devel-linux-x86_64-debian-gcc 0.3.5 2.16 61.21 63.37 OK
r-devel-linux-x86_64-fedora-clang 0.3.5 92.28 NOTE
r-devel-linux-x86_64-fedora-gcc 0.3.5 91.82 NOTE
r-devel-windows-ix86+x86_64 0.3.5 10.00 114.00 124.00 OK
r-patched-linux-x86_64 0.3.5 3.13 70.02 73.15 OK
r-patched-solaris-x86 0.3.5 107.40 NOTE
r-release-linux-x86_64 0.3.5 3.36 72.37 75.73 OK
r-release-windows-ix86+x86_64 0.3.5 7.00 106.00 113.00 OK
r-release-osx-x86_64 0.3.5 NOTE
r-oldrel-windows-ix86+x86_64 0.3.5 8.00 74.00 82.00 OK
r-oldrel-osx-x86_64 0.3.5 NOTE

Check Details

Version: 0.3.5
Check: data for non-ASCII characters
Result: NOTE
     Note: found 31 marked UTF-8 strings
Flavors: r-devel-linux-x86_64-fedora-clang, r-devel-linux-x86_64-fedora-gcc, r-patched-solaris-x86, r-release-osx-x86_64, r-oldrel-osx-x86_64