CRAN Package Check Results for Package rmapzen

Last updated on 2018-05-25 23:50:55 CEST.

Flavor Version Tinstall Tcheck Ttotal Status Flags
r-devel-linux-x86_64-debian-clang 0.3.5 3.43 76.10 79.53 OK
r-devel-linux-x86_64-debian-gcc 0.3.5 2.21 59.00 61.21 OK
r-devel-linux-x86_64-fedora-clang 0.3.5 92.54 NOTE
r-devel-linux-x86_64-fedora-gcc 0.3.5 91.13 NOTE
r-devel-windows-ix86+x86_64 0.3.5 5.00 93.00 98.00 OK
r-patched-linux-x86_64 0.3.5 3.27 73.89 77.16 OK
r-patched-solaris-x86 0.3.5 103.70 NOTE
r-release-linux-x86_64 0.3.5 2.48 70.30 72.78 OK
r-release-windows-ix86+x86_64 0.3.5 10.00 113.00 123.00 OK
r-release-osx-x86_64 0.3.5 NOTE
r-oldrel-windows-ix86+x86_64 0.3.5 7.00 71.00 78.00 OK
r-oldrel-osx-x86_64 0.3.4 NOTE

Check Details

Version: 0.3.5
Check: data for non-ASCII characters
Result: NOTE
     Note: found 31 marked UTF-8 strings
Flavors: r-devel-linux-x86_64-fedora-clang, r-devel-linux-x86_64-fedora-gcc, r-patched-solaris-x86, r-release-osx-x86_64

Version: 0.3.4
Check: data for non-ASCII characters
Result: NOTE
     Note: found 31 marked UTF-8 strings
Flavor: r-oldrel-osx-x86_64