CRAN Package Check Results for Package rmapzen

Last updated on 2018-10-20 10:48:57 CEST.

Flavor Version Tinstall Tcheck Ttotal Status Flags
r-devel-linux-x86_64-debian-clang 0.4.1 3.19 103.55 106.74 OK
r-devel-linux-x86_64-debian-gcc 0.4.1 2.98 80.10 83.08 OK
r-devel-linux-x86_64-fedora-clang 0.4.1 121.88 NOTE
r-devel-linux-x86_64-fedora-gcc 0.4.1 121.16 NOTE
r-devel-windows-ix86+x86_64 0.4.1 6.00 143.00 149.00 OK
r-patched-linux-x86_64 0.4.1 3.32 94.90 98.22 OK
r-patched-solaris-x86 0.4.1 137.30 NOTE
r-release-linux-x86_64 0.4.1 2.73 94.83 97.56 OK
r-release-windows-ix86+x86_64 0.4.1 12.00 137.00 149.00 OK
r-release-osx-x86_64 0.4.1 NOTE
r-oldrel-windows-ix86+x86_64 0.4.1 5.00 136.00 141.00 OK
r-oldrel-osx-x86_64 0.4.1 NOTE

Check Details

Version: 0.4.1
Check: data for non-ASCII characters
Result: NOTE
     Note: found 31 marked UTF-8 strings
Flavors: r-devel-linux-x86_64-fedora-clang, r-devel-linux-x86_64-fedora-gcc, r-patched-solaris-x86, r-release-osx-x86_64, r-oldrel-osx-x86_64