CRAN Package Check Results for Package rmarkdown

Last updated on 2018-05-28 08:48:58 CEST.

Flavor Version Tinstall Tcheck Ttotal Status Flags
r-devel-linux-x86_64-debian-clang 1.9 8.70 44.06 52.76 WARN
r-devel-linux-x86_64-debian-gcc 1.9 6.26 40.06 46.32 WARN
r-devel-linux-x86_64-fedora-clang 1.9 68.61 NOTE
r-devel-linux-x86_64-fedora-gcc 1.9 67.13 NOTE
r-devel-windows-ix86+x86_64 1.9 17.00 87.00 104.00 NOTE
r-patched-linux-x86_64 1.9 7.34 47.48 54.82 OK
r-patched-solaris-x86 1.9 93.20 NOTE
r-release-linux-x86_64 1.9 8.73 48.20 56.93 OK
r-release-windows-ix86+x86_64 1.9 20.00 82.00 102.00 NOTE
r-release-osx-x86_64 1.9 ERROR
r-oldrel-windows-ix86+x86_64 1.9 16.00 65.00 81.00 NOTE
r-oldrel-osx-x86_64 1.9 NOTE

Check Details

Version: 1.9
Check: for unstated dependencies in ‘tests’
Result: WARN
    'library' or 'require' call not declared from: ‘dygraphs’
Flavors: r-devel-linux-x86_64-debian-clang, r-devel-linux-x86_64-debian-gcc

Version: 1.9
Check: installed package size
Result: NOTE
     installed size is 6.8Mb
     sub-directories of 1Mb or more:
     rmd 6.1Mb
Flavors: r-devel-linux-x86_64-fedora-clang, r-devel-linux-x86_64-fedora-gcc, r-devel-windows-ix86+x86_64, r-patched-solaris-x86, r-release-windows-ix86+x86_64, r-release-osx-x86_64, r-oldrel-windows-ix86+x86_64, r-oldrel-osx-x86_64

Version: 1.9
Check: tests
Result: ERROR
     Running ‘testthat.R’ [2s/2s]
    Running the tests in ‘tests/testthat.R’ failed.
    Last 13 lines of output:
     6: shiny::checkboxInput
     7: getExportedValue(pkg, name)
     8: asNamespace(ns)
     9: getNamespace(ns)
     10: tryCatch(loadNamespace(name), error = function(e) stop(e))
     11: tryCatchList(expr, classes, parentenv, handlers)
     12: tryCatchOne(expr, names, parentenv, handlers[[1L]])
     13: value[[3L]](cond)
    
     ══ testthat results ═══════════════════════════════════════════════════════════
     OK: 16 SKIPPED: 25 FAILED: 1
     1. Error: parameters are configurable (@test-params.R#67)
    
     Error: testthat unit tests failed
     Execution halted
Flavor: r-release-osx-x86_64