CRAN Package Check Results for Package rmarkdown

Last updated on 2017-10-17 19:48:09.

Flavor Version Tinstall Tcheck Ttotal Status Flags
r-devel-linux-x86_64-debian-clang 1.6 2.19 34.05 36.24 OK
r-devel-linux-x86_64-debian-gcc 1.6 1.97 32.44 34.42 OK
r-devel-linux-x86_64-fedora-clang 1.6 60.15 NOTE
r-devel-linux-x86_64-fedora-gcc 1.6 59.72 NOTE
r-devel-windows-ix86+x86_64 1.6 9.00 78.00 87.00 NOTE
r-patched-linux-x86_64 1.6 2.25 31.00 33.25 OK
r-patched-solaris-x86 1.6 80.20 NOTE
r-release-linux-x86_64 1.6 2.20 33.11 35.31 OK
r-release-windows-ix86+x86_64 1.6 14.00 59.00 73.00 NOTE
r-release-osx-x86_64 1.6 NOTE
r-oldrel-windows-ix86+x86_64 1.6 12.00 68.00 80.00 NOTE
r-oldrel-osx-x86_64 1.6 NOTE

Check Details

Version: 1.6
Check: installed package size
Result: NOTE
     installed size is 6.6Mb
     sub-directories of 1Mb or more:
     rmd 6.1Mb
Flavors: r-devel-linux-x86_64-fedora-clang, r-devel-linux-x86_64-fedora-gcc, r-devel-windows-ix86+x86_64, r-patched-solaris-x86, r-release-windows-ix86+x86_64, r-release-osx-x86_64, r-oldrel-windows-ix86+x86_64, r-oldrel-osx-x86_64