Last updated on 2022-07-03 06:54:31 CEST.
Flavor | Version | Tinstall | Tcheck | Ttotal | Status | Flags |
---|---|---|---|---|---|---|
r-devel-linux-x86_64-debian-clang | 2.14 | 10.68 | 85.87 | 96.55 | OK | |
r-devel-linux-x86_64-debian-gcc | 2.14 | 10.23 | 67.12 | 77.35 | OK | |
r-devel-linux-x86_64-fedora-clang | 2.14 | 129.82 | NOTE | |||
r-devel-linux-x86_64-fedora-gcc | 2.14 | 129.48 | OK | |||
r-devel-windows-x86_64 | 2.14 | 316.00 | 120.00 | 436.00 | NOTE | |
r-patched-linux-x86_64 | 2.14 | 15.48 | 83.50 | 98.98 | OK | |
r-release-linux-x86_64 | 2.14 | 11.49 | 83.67 | 95.16 | OK | |
r-release-macos-arm64 | 2.14 | 47.00 | NOTE | |||
r-release-macos-x86_64 | 2.14 | 62.00 | NOTE | |||
r-release-windows-x86_64 | 2.14 | 302.00 | 125.00 | 427.00 | NOTE | |
r-oldrel-macos-arm64 | 2.14 | 44.00 | NOTE | |||
r-oldrel-macos-x86_64 | 2.14 | 69.00 | NOTE | |||
r-oldrel-windows-ix86+x86_64 | 2.14 | 23.00 | 108.00 | 131.00 | NOTE |
Version: 2.14
Check: installed package size
Result: NOTE
installed size is 9.4Mb
sub-directories of 1Mb or more:
rmd 8.3Mb
Flavors: r-devel-linux-x86_64-fedora-clang, r-devel-windows-x86_64, r-release-macos-arm64, r-release-macos-x86_64, r-release-windows-x86_64, r-oldrel-macos-arm64, r-oldrel-macos-x86_64, r-oldrel-windows-ix86+x86_64
Version: 2.14
Check: package dependencies
Result: NOTE
Package suggested but not available for checking: ‘katex’
Flavor: r-release-macos-x86_64