CRAN Package Check Results for Package rmarkdown

Last updated on 2017-08-16 18:46:56.

Flavor Version Tinstall Tcheck Ttotal Status Flags
r-devel-linux-x86_64-debian-clang 1.6 1.96 32.75 34.71 OK
r-devel-linux-x86_64-debian-gcc 1.6 2.16 31.17 33.33 OK
r-devel-linux-x86_64-fedora-clang 1.6 58.36 NOTE
r-devel-linux-x86_64-fedora-gcc 1.6 54.83 NOTE
r-devel-windows-ix86+x86_64 1.6 9.00 55.00 64.00 NOTE
r-patched-linux-x86_64 1.6 2.05 33.64 35.69 OK
r-patched-solaris-x86 1.6 79.60 NOTE
r-release-linux-x86_64 1.6 2.20 32.36 34.56 OK
r-release-windows-ix86+x86_64 1.6 10.00 77.00 87.00 NOTE
r-release-osx-x86_64 1.6 NOTE
r-oldrel-windows-ix86+x86_64 1.6 10.00 54.00 64.00 NOTE
r-oldrel-osx-x86_64 1.6 NOTE

Check Details

Version: 1.6
Check: installed package size
Result: NOTE
     installed size is 6.6Mb
     sub-directories of 1Mb or more:
     rmd 6.1Mb
Flavors: r-devel-linux-x86_64-fedora-clang, r-devel-linux-x86_64-fedora-gcc, r-devel-windows-ix86+x86_64, r-patched-solaris-x86, r-release-windows-ix86+x86_64, r-release-osx-x86_64, r-oldrel-windows-ix86+x86_64, r-oldrel-osx-x86_64