CRAN Package Check Results for Package rmarkdown

Last updated on 2017-06-29 10:48:11.

Flavor Version Tinstall Tcheck Ttotal Status Flags
r-devel-linux-x86_64-debian-clang 1.6 1.98 32.72 34.70 OK
r-devel-linux-x86_64-debian-gcc 1.6 2.08 29.57 31.65 OK
r-devel-linux-x86_64-fedora-clang 1.6 57.46 NOTE
r-devel-linux-x86_64-fedora-gcc 1.6 57.95 NOTE
r-devel-windows-ix86+x86_64 1.6 16.00 60.00 76.00 NOTE
r-patched-linux-x86_64 1.6 2.22 31.29 33.51 OK
r-patched-solaris-sparc 1.6 361.40 NOTE
r-patched-solaris-x86 1.6 78.30 NOTE
r-release-linux-x86_64 1.6 2.14 31.21 33.36 OK
r-release-windows-ix86+x86_64 1.6 17.00 53.00 70.00 NOTE
r-release-osx-x86_64 1.6 NOTE
r-oldrel-windows-ix86+x86_64 1.6 14.00 72.00 86.00 NOTE
r-oldrel-osx-x86_64 1.6 NOTE

Check Details

Version: 1.6
Check: installed package size
Result: NOTE
     installed size is 6.6Mb
     sub-directories of 1Mb or more:
     rmd 6.1Mb
Flavors: r-devel-linux-x86_64-fedora-clang, r-devel-linux-x86_64-fedora-gcc, r-devel-windows-ix86+x86_64, r-patched-solaris-sparc, r-patched-solaris-x86, r-release-windows-ix86+x86_64, r-release-osx-x86_64, r-oldrel-windows-ix86+x86_64, r-oldrel-osx-x86_64