CRAN Package Check Results for Package rmarkdown

Last updated on 2017-12-17 04:47:18 CET.

Flavor Version Tinstall Tcheck Ttotal Status Flags
r-devel-linux-x86_64-debian-clang 1.8 2.92 52.06 54.98 OK
r-devel-linux-x86_64-debian-gcc 1.8 2.37 39.92 42.29 OK
r-devel-linux-x86_64-fedora-clang 1.8 58.99 NOTE
r-devel-linux-x86_64-fedora-gcc 1.8 57.23 NOTE
r-devel-windows-ix86+x86_64 1.8 8.00 58.00 66.00 NOTE
r-patched-linux-x86_64 1.8 3.11 52.66 55.77 OK
r-patched-solaris-x86 1.8 81.00 NOTE
r-release-linux-x86_64 1.8 2.65 52.73 55.38 OK
r-release-windows-ix86+x86_64 1.8 10.00 60.00 70.00 NOTE
r-release-osx-x86_64 1.8 NOTE
r-oldrel-windows-ix86+x86_64 1.8 9.00 89.00 98.00 NOTE
r-oldrel-osx-x86_64 1.8 NOTE

Check Details

Version: 1.8
Check: installed package size
Result: NOTE
     installed size is 6.6Mb
     sub-directories of 1Mb or more:
     rmd 6.1Mb
Flavors: r-devel-linux-x86_64-fedora-clang, r-devel-linux-x86_64-fedora-gcc, r-devel-windows-ix86+x86_64, r-patched-solaris-x86, r-release-windows-ix86+x86_64, r-release-osx-x86_64, r-oldrel-windows-ix86+x86_64, r-oldrel-osx-x86_64