CRAN Package Check Results for Package rmarkdown

Last updated on 2020-08-06 20:48:27 CEST.

Flavor Version Tinstall Tcheck Ttotal Status Flags
r-devel-linux-x86_64-debian-clang 2.3 10.19 59.85 70.04 OK
r-devel-linux-x86_64-debian-gcc 2.3 8.10 46.02 54.12 OK
r-devel-linux-x86_64-fedora-clang 2.3 91.08 NOTE
r-devel-linux-x86_64-fedora-gcc 2.3 82.30 OK
r-devel-windows-ix86+x86_64 2.3 26.00 105.00 131.00 NOTE
r-patched-linux-x86_64 2.3 10.24 58.71 68.95 OK
r-patched-solaris-x86 2.3 114.40 NOTE
r-release-linux-x86_64 2.3 9.40 59.66 69.06 OK
r-release-macos-x86_64 2.3 NOTE
r-release-windows-ix86+x86_64 2.3 27.00 76.00 103.00 NOTE
r-oldrel-macos-x86_64 2.3 NOTE
r-oldrel-windows-ix86+x86_64 2.3 18.00 67.00 85.00 NOTE

Check Details

Version: 2.3
Check: installed package size
Result: NOTE
     installed size is 9.3Mb
     sub-directories of 1Mb or more:
     rmd 8.3Mb
Flavors: r-devel-linux-x86_64-fedora-clang, r-devel-windows-ix86+x86_64, r-patched-solaris-x86, r-release-macos-x86_64, r-release-windows-ix86+x86_64, r-oldrel-macos-x86_64, r-oldrel-windows-ix86+x86_64