Last updated on 2023-03-22 16:50:27 CET.
Flavor | Version | Tinstall | Tcheck | Ttotal | Status | Flags |
---|---|---|---|---|---|---|
r-devel-linux-x86_64-debian-clang | 2.20 | 14.59 | 92.30 | 106.89 | OK | |
r-devel-linux-x86_64-debian-gcc | 2.20 | 9.44 | 71.11 | 80.55 | OK | |
r-devel-linux-x86_64-fedora-clang | 2.20 | 136.09 | NOTE | |||
r-devel-linux-x86_64-fedora-gcc | 2.20 | 136.12 | OK | |||
r-patched-linux-x86_64 | 2.20 | 13.99 | 83.87 | 97.86 | OK | |
r-release-linux-x86_64 | 2.20 | 12.37 | 84.81 | 97.18 | OK | |
r-release-macos-arm64 | 2.20 | 45.00 | NOTE | |||
r-release-macos-x86_64 | 2.20 | 55.00 | NOTE | |||
r-release-windows-x86_64 | 2.20 | 274.00 | 123.00 | 397.00 | NOTE | |
r-oldrel-macos-arm64 | 2.20 | 48.00 | NOTE | |||
r-oldrel-macos-x86_64 | 2.20 | 59.00 | NOTE | |||
r-oldrel-windows-ix86+x86_64 | 2.20 | 23.00 | 105.00 | 128.00 | NOTE |
Version: 2.20
Check: installed package size
Result: NOTE
installed size is 9.4Mb
sub-directories of 1Mb or more:
rmd 8.3Mb
Flavors: r-devel-linux-x86_64-fedora-clang, r-release-macos-arm64, r-release-macos-x86_64, r-release-windows-x86_64, r-oldrel-macos-arm64, r-oldrel-macos-x86_64, r-oldrel-windows-ix86+x86_64
Version: 2.20
Check: dependencies in R code
Result: NOTE
Initiating curl with CURL_SSL_BACKEND: openssl
Flavor: r-oldrel-windows-ix86+x86_64