CRAN Package Check Results for Package rmdplugr

Last updated on 2021-10-17 15:49:10 CEST.

Flavor Version Tinstall Tcheck Ttotal Status Flags
r-devel-linux-x86_64-debian-clang 0.4.1 2.40 31.49 33.89 NOTE
r-devel-linux-x86_64-debian-gcc 0.4.1 1.86 24.79 26.65 NOTE
r-devel-linux-x86_64-fedora-clang 0.4.1 49.91 NOTE
r-devel-linux-x86_64-fedora-gcc 0.4.1 39.93 NOTE
r-devel-windows-x86_64 0.4.1 5.00 48.00 53.00 NOTE
r-devel-windows-x86_64-gcc10-UCRT 0.4.1 NOTE
r-patched-linux-x86_64 0.4.1 2.56 30.41 32.97 NOTE
r-patched-solaris-x86 0.4.1 53.30 NOTE
r-release-linux-x86_64 0.4.1 2.08 30.32 32.40 NOTE
r-release-macos-arm64 0.4.1 NOTE
r-release-macos-x86_64 0.4.1 NOTE
r-release-windows-ix86+x86_64 0.4.1 4.00 61.00 65.00 NOTE
r-oldrel-macos-x86_64 0.4.1 OK
r-oldrel-windows-ix86+x86_64 0.4.1 6.00 54.00 60.00 OK

Check Details

Version: 0.4.1
Check: LazyData
Result: NOTE
     'LazyData' is specified without a 'data' directory
Flavors: r-devel-linux-x86_64-debian-clang, r-devel-linux-x86_64-debian-gcc, r-devel-linux-x86_64-fedora-clang, r-devel-linux-x86_64-fedora-gcc, r-devel-windows-x86_64, r-devel-windows-x86_64-gcc10-UCRT, r-patched-linux-x86_64, r-patched-solaris-x86, r-release-linux-x86_64, r-release-macos-arm64, r-release-macos-x86_64, r-release-windows-ix86+x86_64