CRAN Package Check Results for Package rmi

Last updated on 2024-02-27 13:49:33 CET.

Flavor Version Tinstall Tcheck Ttotal Status Flags
r-devel-linux-x86_64-debian-clang 0.1.1 156.37 39.49 195.86 NOTE
r-devel-linux-x86_64-debian-gcc 0.1.1 113.88 29.08 142.96 NOTE
r-devel-linux-x86_64-fedora-clang 0.1.1 287.75 NOTE
r-devel-linux-x86_64-fedora-gcc 0.1.1 276.76 NOTE
r-devel-windows-x86_64 0.1.1 57.00 74.00 131.00 NOTE
r-patched-linux-x86_64 0.1.1 137.47 38.13 175.60 NOTE
r-release-linux-x86_64 0.1.1 144.62 37.87 182.49 NOTE
r-release-macos-arm64 0.1.1 52.00 NOTE
r-release-macos-x86_64 0.1.1 91.00 NOTE
r-release-windows-x86_64 0.1.1 71.00 78.00 149.00 NOTE
r-oldrel-macos-arm64 0.1.1 57.00 NOTE
r-oldrel-windows-x86_64 0.1.1 69.00 82.00 151.00 NOTE

Check Details

Version: 0.1.1
Check: LazyData
Result: NOTE 'LazyData' is specified without a 'data' directory Flavors: r-devel-linux-x86_64-debian-clang, r-devel-linux-x86_64-debian-gcc, r-devel-linux-x86_64-fedora-clang, r-devel-linux-x86_64-fedora-gcc, r-devel-windows-x86_64, r-patched-linux-x86_64, r-release-linux-x86_64, r-release-macos-arm64, r-release-macos-x86_64, r-release-windows-x86_64, r-oldrel-macos-arm64, r-oldrel-windows-x86_64

Version: 0.1.1
Check: C++ specification
Result: NOTE Specified C++11: please drop specification unless essential Flavors: r-devel-windows-x86_64, r-release-windows-x86_64