CRAN Package Check Results for Package rminizinc

Last updated on 2021-04-10 16:48:38 CEST.

Flavor Version Tinstall Tcheck Ttotal Status Flags
r-devel-linux-x86_64-debian-clang 0.0.6 79.54 65.61 145.15 OK
r-devel-linux-x86_64-debian-gcc 0.0.6 50.94 50.17 101.11 OK
r-devel-linux-x86_64-fedora-clang 0.0.6 186.75 NOTE
r-devel-linux-x86_64-fedora-gcc 0.0.6 163.74 OK
r-devel-windows-ix86+x86_64 0.0.6 157.00 85.00 242.00 NOTE
r-devel-windows-x86_64-gcc10-UCRT 0.0.6 OK
r-patched-linux-x86_64 0.0.6 62.39 61.35 123.74 OK
r-patched-solaris-x86 0.0.6 186.20 OK
r-release-linux-x86_64 0.0.6 55.81 61.28 117.09 OK
r-release-macos-x86_64 0.0.6 NOTE
r-release-windows-ix86+x86_64 0.0.6 119.00 117.00 236.00 NOTE
r-oldrel-macos-x86_64 0.0.6 NOTE
r-oldrel-windows-ix86+x86_64 0.0.6 2.00 5.00 7.00 ERROR

Check Details

Version: 0.0.6
Check: installed package size
Result: NOTE
     installed size is 7.1Mb
     sub-directories of 1Mb or more:
     libs 1.4Mb
     minizinc 3.3Mb
Flavors: r-devel-linux-x86_64-fedora-clang, r-devel-windows-ix86+x86_64, r-release-macos-x86_64, r-release-windows-ix86+x86_64, r-oldrel-macos-x86_64

Version: 0.0.6
Check: whether package can be installed
Result: ERROR
    Installation failed.
Flavor: r-oldrel-windows-ix86+x86_64