CRAN Package Check Results for Package rmsb

Last updated on 2024-07-13 05:49:24 CEST.

Flavor Version Tinstall Tcheck Ttotal Status Flags
r-devel-linux-x86_64-debian-clang 1.1-1 471.36 230.05 701.41 NOTE
r-devel-linux-x86_64-debian-gcc 1.1-1 418.07 200.04 618.11 NOTE
r-devel-linux-x86_64-fedora-clang 1.1-1 915.28 NOTE
r-devel-linux-x86_64-fedora-gcc 1.1-1 735.06 NOTE
r-devel-windows-x86_64 1.1-1 270.00 202.00 472.00 NOTE
r-patched-linux-x86_64 1.1-1 371.55 258.99 630.54 NOTE
r-release-linux-x86_64 1.1-0 375.09 258.50 633.59 NOTE
r-release-macos-arm64 1.1-1 236.00 NOTE
r-release-macos-x86_64 1.1-1 376.00 NOTE
r-release-windows-x86_64 1.1-1 248.00 198.00 446.00 NOTE
r-oldrel-macos-arm64 1.1-1 615.00 NOTE
r-oldrel-macos-x86_64 1.1-1 382.00 NOTE
r-oldrel-windows-x86_64 1.1-1 285.00 226.00 511.00 NOTE

Check Details

Version: 1.1-1
Check: package dependencies
Result: NOTE Package suggested but not available for checking: ‘cmdstanr’ Flavors: r-devel-linux-x86_64-debian-clang, r-devel-linux-x86_64-debian-gcc, r-devel-linux-x86_64-fedora-clang, r-devel-linux-x86_64-fedora-gcc, r-devel-windows-x86_64, r-patched-linux-x86_64, r-release-macos-arm64, r-release-macos-x86_64, r-release-windows-x86_64, r-oldrel-macos-arm64, r-oldrel-macos-x86_64, r-oldrel-windows-x86_64

Version: 1.1-1
Check: Rd cross-references
Result: NOTE Package unavailable to check Rd xrefs: ‘cmdstanr’ Flavors: r-devel-linux-x86_64-debian-clang, r-devel-linux-x86_64-debian-gcc, r-devel-linux-x86_64-fedora-gcc, r-devel-windows-x86_64, r-patched-linux-x86_64, r-release-macos-arm64, r-release-macos-x86_64, r-release-windows-x86_64, r-oldrel-macos-arm64, r-oldrel-macos-x86_64, r-oldrel-windows-x86_64

Version: 1.1-1
Check: for GNU extensions in Makefiles
Result: NOTE GNU make is a SystemRequirements. Flavors: r-devel-linux-x86_64-debian-clang, r-devel-linux-x86_64-debian-gcc, r-devel-linux-x86_64-fedora-clang, r-devel-linux-x86_64-fedora-gcc, r-devel-windows-x86_64, r-patched-linux-x86_64, r-release-macos-arm64, r-release-macos-x86_64, r-release-windows-x86_64, r-oldrel-macos-arm64, r-oldrel-macos-x86_64, r-oldrel-windows-x86_64

Version: 1.1-1
Check: Rd cross-references
Result: NOTE Undeclared package ‘coda’ in Rd xrefs Package unavailable to check Rd xrefs: ‘cmdstanr’ Flavor: r-devel-linux-x86_64-fedora-clang

Version: 1.1-0
Check: package dependencies
Result: NOTE Package suggested but not available for checking: ‘cmdstanr’ Flavor: r-release-linux-x86_64

Version: 1.1-0
Check: Rd cross-references
Result: NOTE Package unavailable to check Rd xrefs: ‘cmdstanr’ Flavor: r-release-linux-x86_64

Version: 1.1-0
Check: for GNU extensions in Makefiles
Result: NOTE GNU make is a SystemRequirements. Flavor: r-release-linux-x86_64

Version: 1.1-1
Check: installed package size
Result: NOTE installed size is 84.3Mb sub-directories of 1Mb or more: libs 83.7Mb Flavors: r-release-macos-arm64, r-release-macos-x86_64, r-oldrel-macos-arm64, r-oldrel-macos-x86_64