CRAN Package Check Results for Package rmsfact

Last updated on 2023-09-24 17:58:31 CEST.

Flavor Version Tinstall Tcheck Ttotal Status Flags
r-devel-linux-x86_64-debian-clang 0.0.3 1.30 19.12 20.42 OK
r-devel-linux-x86_64-debian-gcc 0.0.3 1.37 15.17 16.54 OK
r-devel-linux-x86_64-fedora-clang 0.0.3 26.37 NOTE
r-devel-linux-x86_64-fedora-gcc 0.0.3 26.12 OK
r-devel-windows-x86_64 0.0.3 4.00 34.00 38.00 OK
r-patched-linux-x86_64 0.0.3 1.86 19.26 21.12 OK
r-release-linux-x86_64 0.0.3 2.00 19.06 21.06 OK
r-release-macos-arm64 0.0.3 15.00 OK
r-release-macos-x86_64 0.0.3 17.00 OK
r-release-windows-x86_64 0.0.3 3.00 41.00 44.00 OK
r-oldrel-macos-arm64 0.0.3 13.00 OK
r-oldrel-macos-x86_64 0.0.3 19.00 OK
r-oldrel-windows-x86_64 0.0.3 4.00 40.00 44.00 OK

Check Details

Version: 0.0.3
Check: Rd cross-references
Result: NOTE
    Undeclared package ‘fortunes’ in Rd xrefs
Flavor: r-devel-linux-x86_64-fedora-clang