CRAN Package Check Results for Package rmsfact

Last updated on 2021-09-23 15:51:08 CEST.

Flavor Version Tinstall Tcheck Ttotal Status Flags
r-devel-linux-x86_64-debian-clang 0.0.3 1.72 19.71 21.43 OK
r-devel-linux-x86_64-debian-gcc 0.0.3 1.39 15.73 17.12 OK
r-devel-linux-x86_64-fedora-clang 0.0.3 36.01 NOTE
r-devel-linux-x86_64-fedora-gcc 0.0.3 24.86 OK
r-devel-windows-x86_64 0.0.3 4.00 23.00 27.00 OK
r-devel-windows-x86_64-gcc10-UCRT 0.0.3 ERROR
r-patched-linux-x86_64 0.0.3 1.67 19.26 20.93 OK
r-patched-solaris-x86 0.0.3 39.50 OK
r-release-linux-x86_64 0.0.3 1.53 19.44 20.97 OK
r-release-macos-arm64 0.0.3 OK
r-release-macos-x86_64 0.0.3 OK
r-release-windows-ix86+x86_64 0.0.3 4.00 21.00 25.00 OK
r-oldrel-macos-x86_64 0.0.3 OK
r-oldrel-windows-ix86+x86_64 0.0.3 5.00 23.00 28.00 OK

Check Details

Version: 0.0.3
Check: Rd cross-references
Result: NOTE
    Undeclared package ‘fortunes’ in Rd xrefs
Flavor: r-devel-linux-x86_64-fedora-clang

Version: 0.0.3
Check: PDF version of manual
Result: WARN
    LaTeX errors when creating PDF version.
    This typically indicates Rd problems.
Flavor: r-devel-windows-x86_64-gcc10-UCRT

Version: 0.0.3
Check: PDF version of manual without hyperrefs or index
Result: ERROR
    Re-running with no redirection of stdout/stderr.
Flavor: r-devel-windows-x86_64-gcc10-UCRT