Last updated on 2023-02-06 09:55:56 CET.
Flavor | Version | Tinstall | Tcheck | Ttotal | Status | Flags |
---|---|---|---|---|---|---|
r-devel-linux-x86_64-debian-clang | 0.0.3 | 1.96 | 19.14 | 21.10 | OK | |
r-devel-linux-x86_64-debian-gcc | 0.0.3 | 1.49 | 15.57 | 17.06 | OK | |
r-devel-linux-x86_64-fedora-clang | 0.0.3 | 27.32 | NOTE | |||
r-devel-linux-x86_64-fedora-gcc | 0.0.3 | 26.41 | OK | |||
r-devel-windows-x86_64 | 0.0.3 | 10.00 | 46.00 | 56.00 | OK | |
r-patched-linux-x86_64 | 0.0.3 | 1.51 | 19.77 | 21.28 | OK | |
r-release-linux-x86_64 | 0.0.3 | 1.69 | 19.55 | 21.24 | OK | |
r-release-macos-arm64 | 0.0.3 | 14.00 | OK | |||
r-release-macos-x86_64 | 0.0.3 | 19.00 | OK | |||
r-release-windows-x86_64 | 0.0.3 | 4.00 | 40.00 | 44.00 | OK | |
r-oldrel-macos-arm64 | 0.0.3 | 21.00 | OK | |||
r-oldrel-macos-x86_64 | 0.0.3 | 24.00 | OK | |||
r-oldrel-windows-ix86+x86_64 | 0.0.3 | 4.00 | 21.00 | 25.00 | OK |
Version: 0.0.3
Check: Rd cross-references
Result: NOTE
Undeclared package ‘fortunes’ in Rd xrefs
Flavor: r-devel-linux-x86_64-fedora-clang