CRAN Package Check Results for Package rmutil

Last updated on 2021-10-24 00:51:10 CEST.

Flavor Version Tinstall Tcheck Ttotal Status Flags
r-devel-linux-x86_64-debian-clang 1.1.5 18.88 75.72 94.60 NOTE
r-devel-linux-x86_64-debian-gcc 1.1.5 13.89 55.93 69.82 NOTE
r-devel-linux-x86_64-fedora-clang 1.1.5 124.74 NOTE
r-devel-linux-x86_64-fedora-gcc 1.1.5 113.44 NOTE
r-devel-windows-x86_64 1.1.5 28.00 72.00 100.00 NOTE
r-devel-windows-x86_64-gcc10-UCRT 1.1.5 NOTE
r-patched-linux-x86_64 1.1.5 17.45 74.06 91.51 NOTE
r-patched-solaris-x86 1.1.5 130.20 NOTE
r-release-linux-x86_64 1.1.5 16.19 73.80 89.99 NOTE
r-release-macos-arm64 1.1.5 NOTE
r-release-macos-x86_64 1.1.5 NOTE
r-release-windows-ix86+x86_64 1.1.5 34.00 73.00 107.00 NOTE
r-oldrel-macos-x86_64 1.1.5 OK
r-oldrel-windows-ix86+x86_64 1.1.5 30.00 70.00 100.00 OK

Check Details

Version: 1.1.5
Check: LazyData
Result: NOTE
     'LazyData' is specified without a 'data' directory
Flavors: r-devel-linux-x86_64-debian-clang, r-devel-linux-x86_64-debian-gcc, r-devel-linux-x86_64-fedora-clang, r-devel-linux-x86_64-fedora-gcc, r-devel-windows-x86_64, r-devel-windows-x86_64-gcc10-UCRT, r-patched-linux-x86_64, r-patched-solaris-x86, r-release-linux-x86_64, r-release-macos-arm64, r-release-macos-x86_64, r-release-windows-ix86+x86_64