CRAN Package Check Results for Package rnaturalearth

Last updated on 2020-07-12 15:49:11 CEST.

Flavor Version Tinstall Tcheck Ttotal Status Flags
r-devel-linux-x86_64-debian-clang 0.1.0 4.78 66.46 71.24 NOTE
r-devel-linux-x86_64-debian-gcc 0.1.0 4.60 52.23 56.83 NOTE
r-devel-linux-x86_64-fedora-clang 0.1.0 96.91 NOTE
r-devel-linux-x86_64-fedora-gcc 0.1.0 90.20 NOTE
r-devel-windows-ix86+x86_64 0.1.0 13.00 119.00 132.00 NOTE
r-patched-linux-x86_64 0.1.0 4.74 65.54 70.28 NOTE
r-patched-solaris-x86 0.1.0 138.50 NOTE
r-release-linux-x86_64 0.1.0 5.27 64.43 69.70 NOTE
r-release-macos-x86_64 0.1.0 NOTE
r-release-windows-ix86+x86_64 0.1.0 22.00 76.00 98.00 NOTE
r-oldrel-macos-x86_64 0.1.0 NOTE
r-oldrel-windows-ix86+x86_64 0.1.0 17.00 72.00 89.00 NOTE

Check Details

Version: 0.1.0
Check: package dependencies
Result: NOTE
    Package suggested but not available for checking: 'rnaturalearthhires'
Flavors: r-devel-linux-x86_64-debian-clang, r-devel-linux-x86_64-debian-gcc, r-devel-linux-x86_64-fedora-clang, r-devel-linux-x86_64-fedora-gcc, r-devel-windows-ix86+x86_64, r-patched-linux-x86_64, r-patched-solaris-x86, r-release-linux-x86_64, r-release-macos-x86_64, r-release-windows-ix86+x86_64, r-oldrel-macos-x86_64, r-oldrel-windows-ix86+x86_64

Version: 0.1.0
Check: data for non-ASCII characters
Result: NOTE
     Note: found 7 marked Latin-1 strings
Flavors: r-devel-linux-x86_64-fedora-clang, r-devel-linux-x86_64-fedora-gcc, r-patched-solaris-x86, r-release-macos-x86_64, r-oldrel-macos-x86_64