CRAN Package Check Results for Package rnaturalearthdata

Last updated on 2024-02-24 06:50:48 CET.

Flavor Version Tinstall Tcheck Ttotal Status Flags
r-devel-linux-x86_64-debian-clang 1.0.0 9.00 22.44 31.44 OK
r-devel-linux-x86_64-debian-gcc 1.0.0 6.56 17.97 24.53 OK
r-devel-linux-x86_64-fedora-clang 1.0.0 38.97 NOTE
r-devel-linux-x86_64-fedora-gcc 1.0.0 38.48 NOTE
r-devel-windows-x86_64 1.0.0 8.00 40.00 48.00 OK
r-patched-linux-x86_64 1.0.0 7.49 22.50 29.99 OK
r-release-linux-x86_64 1.0.0 6.67 22.68 29.35 OK
r-release-macos-arm64 1.0.0 27.00 OK
r-release-macos-x86_64 1.0.0 47.00 OK
r-release-windows-x86_64 1.0.0 8.00 42.00 50.00 OK
r-oldrel-macos-arm64 1.0.0 29.00 OK
r-oldrel-windows-x86_64 1.0.0 12.00 45.00 57.00 OK

Check Details

Version: 1.0.0
Check: data for non-ASCII characters
Result: NOTE Note: found 26259 marked UTF-8 strings Flavors: r-devel-linux-x86_64-fedora-clang, r-devel-linux-x86_64-fedora-gcc