CRAN Package Check Results for Package rneos

Last updated on 2019-04-22 01:47:56 CEST.

Flavor Version Tinstall Tcheck Ttotal Status Flags
r-devel-linux-x86_64-debian-clang 0.3-2 3.92 33.04 36.96 NOTE
r-devel-linux-x86_64-debian-gcc 0.3-2 3.15 26.90 30.05 NOTE
r-devel-linux-x86_64-fedora-clang 0.3-2 44.39 OK
r-devel-linux-x86_64-fedora-gcc 0.3-2 42.35 OK
r-devel-windows-ix86+x86_64 0.3-2 13.00 49.00 62.00 NOTE
r-patched-linux-x86_64 0.3-2 4.24 33.38 37.62 NOTE
r-patched-solaris-x86 0.3-2 67.80 NOTE
r-release-linux-x86_64 0.3-2 2.35 31.83 34.18 NOTE
r-release-windows-ix86+x86_64 0.3-2 5.00 44.00 49.00 NOTE
r-release-osx-x86_64 0.3-2 NOTE
r-oldrel-windows-ix86+x86_64 0.3-2 7.00 44.00 51.00 OK
r-oldrel-osx-x86_64 0.3-2 NOTE

Check Details

Version: 0.3-2
Check: package dependencies
Result: NOTE
    Package suggested but not available for checking: 'XMLRPC'
Flavors: r-devel-linux-x86_64-debian-clang, r-devel-linux-x86_64-debian-gcc, r-devel-windows-ix86+x86_64, r-patched-linux-x86_64, r-patched-solaris-x86, r-release-linux-x86_64, r-release-windows-ix86+x86_64, r-release-osx-x86_64, r-oldrel-osx-x86_64