CRAN Package Check Results for Package rneos

Last updated on 2019-06-16 20:47:16 CEST.

Flavor Version Tinstall Tcheck Ttotal Status Flags
r-devel-linux-x86_64-debian-clang 0.3-2 3.71 33.10 36.81 NOTE
r-devel-linux-x86_64-debian-gcc 0.3-2 3.09 26.97 30.06 NOTE
r-devel-linux-x86_64-fedora-clang 0.3-2 44.51 OK
r-devel-linux-x86_64-fedora-gcc 0.3-2 42.58 OK
r-devel-windows-ix86+x86_64 0.3-2 10.00 52.00 62.00 NOTE
r-patched-linux-x86_64 0.3-2 3.34 33.58 36.92 NOTE
r-patched-solaris-x86 0.3-2 72.50 NOTE
r-release-linux-x86_64 0.3-2 3.44 33.80 37.24 NOTE
r-release-windows-ix86+x86_64 0.3-2 12.00 71.00 83.00 NOTE
r-release-osx-x86_64 0.3-2 NOTE
r-oldrel-windows-ix86+x86_64 0.3-2 6.00 70.00 76.00 NOTE
r-oldrel-osx-x86_64 0.3-2 NOTE

Check Details

Version: 0.3-2
Check: package dependencies
Result: NOTE
    Package suggested but not available for checking: 'XMLRPC'
Flavors: r-devel-linux-x86_64-debian-clang, r-devel-linux-x86_64-debian-gcc, r-devel-windows-ix86+x86_64, r-patched-linux-x86_64, r-patched-solaris-x86, r-release-linux-x86_64, r-release-windows-ix86+x86_64, r-release-osx-x86_64, r-oldrel-windows-ix86+x86_64, r-oldrel-osx-x86_64