CRAN Package Check Results for Package rneos

Last updated on 2020-03-31 13:47:23 CEST.

Flavor Version Tinstall Tcheck Ttotal Status Flags
r-devel-linux-x86_64-debian-clang 0.3-2 5.32 37.57 42.89 NOTE
r-devel-linux-x86_64-debian-gcc 0.3-2 4.02 30.12 34.14 NOTE
r-devel-linux-x86_64-fedora-clang 0.3-2 51.56 OK
r-devel-linux-x86_64-fedora-gcc 0.3-2 50.81 OK
r-devel-windows-ix86+x86_64 0.3-2 13.00 76.00 89.00 NOTE
r-devel-windows-ix86+x86_64-gcc8 0.3-2 14.00 53.00 67.00 NOTE
r-patched-linux-x86_64 0.3-2 4.62 36.66 41.28 NOTE
r-patched-solaris-x86 0.3-2 81.00 NOTE
r-release-linux-x86_64 0.3-2 3.99 33.05 37.04 NOTE
r-release-windows-ix86+x86_64 0.3-2 8.00 49.00 57.00 NOTE
r-release-osx-x86_64 0.3-2 NOTE
r-oldrel-windows-ix86+x86_64 0.3-2 7.00 46.00 53.00 NOTE
r-oldrel-osx-x86_64 0.3-2 NOTE

Check Details

Version: 0.3-2
Check: package dependencies
Result: NOTE
    Package suggested but not available for checking: 'XMLRPC'
Flavors: r-devel-linux-x86_64-debian-clang, r-devel-linux-x86_64-debian-gcc, r-devel-windows-ix86+x86_64, r-devel-windows-ix86+x86_64-gcc8, r-patched-linux-x86_64, r-patched-solaris-x86, r-release-linux-x86_64, r-release-windows-ix86+x86_64, r-release-osx-x86_64, r-oldrel-windows-ix86+x86_64, r-oldrel-osx-x86_64