CRAN Package Check Results for Package rnetcarto

Last updated on 2023-12-06 10:58:40 CET.

Flavor Version Tinstall Tcheck Ttotal Status Flags
r-devel-linux-x86_64-debian-clang 0.2.6 5.31 29.04 34.35 OK
r-devel-linux-x86_64-debian-gcc 0.2.6 4.67 22.86 27.53 OK
r-devel-linux-x86_64-fedora-clang 0.2.6 45.06 NOTE
r-devel-linux-x86_64-fedora-gcc 0.2.6 55.01 NOTE
r-devel-windows-x86_64 0.2.6 8.00 47.00 55.00 OK
r-patched-linux-x86_64 0.2.6 4.85 28.23 33.08 OK
r-release-linux-x86_64 0.2.6 5.42 28.35 33.77 OK
r-release-macos-arm64 0.2.6 26.00 OK
r-release-macos-x86_64 0.2.6 46.00 OK
r-release-windows-x86_64 0.2.6 7.00 49.00 56.00 OK
r-oldrel-macos-arm64 0.2.6 23.00 OK
r-oldrel-macos-x86_64 0.2.6 30.00 OK
r-oldrel-windows-x86_64 0.2.6 8.00 52.00 60.00 OK

Check Details

Version: 0.2.6
Check: compiled code
Result: NOTE File ‘rnetcarto/libs/rnetcarto.so’: Found no calls to: ‘R_registerRoutines’, ‘R_useDynamicSymbols’ It is good practice to register native routines and to disable symbol search. See ‘Writing portable packages’ in the ‘Writing R Extensions’ manual. Flavors: r-devel-linux-x86_64-fedora-clang, r-devel-linux-x86_64-fedora-gcc