CRAN Package Check Results for Package rnetcarto

Last updated on 2022-09-27 14:53:40 CEST.

Flavor Version Tinstall Tcheck Ttotal Status Flags
r-devel-linux-x86_64-debian-clang 0.2.5 4.71 29.14 33.85 OK
r-devel-linux-x86_64-debian-gcc 0.2.5 3.88 22.90 26.78 OK
r-devel-linux-x86_64-fedora-clang 0.2.5 55.94 NOTE
r-devel-linux-x86_64-fedora-gcc 0.2.5 51.80 NOTE
r-devel-windows-x86_64 0.2.5 17.00 62.00 79.00 OK
r-patched-linux-x86_64 0.2.5 4.67 28.96 33.63 OK
r-release-linux-x86_64 0.2.5 4.14 28.80 32.94 OK
r-release-macos-arm64 0.2.5 23.00 OK
r-release-macos-x86_64 0.2.5 29.00 OK
r-release-windows-x86_64 0.2.5 30.00 60.00 90.00 OK
r-oldrel-macos-arm64 0.2.5 21.00 OK
r-oldrel-macos-x86_64 0.2.5 34.00 OK
r-oldrel-windows-ix86+x86_64 0.2.5 13.00 63.00 76.00 OK

Check Details

Version: 0.2.5
Check: compiled code
Result: NOTE
    File ‘rnetcarto/libs/rnetcarto.so’:
     Found no calls to: ‘R_registerRoutines’, ‘R_useDynamicSymbols’
    
    It is good practice to register native routines and to disable symbol
    search.
    
    See ‘Writing portable packages’ in the ‘Writing R Extensions’ manual.
Flavors: r-devel-linux-x86_64-fedora-clang, r-devel-linux-x86_64-fedora-gcc