CRAN Package Check Results for Package rngSetSeed

Last updated on 2024-04-13 23:29:00 CEST.

Flavor Version Tinstall Tcheck Ttotal Status Flags
r-devel-linux-x86_64-debian-clang 0.3-3 3.34 33.05 36.39 OK
r-devel-linux-x86_64-debian-gcc 0.3-3 2.40 24.53 26.93 OK
r-devel-linux-x86_64-fedora-clang 0.3-3 44.94 NOTE
r-devel-linux-x86_64-fedora-gcc 0.3-3 44.16 NOTE
r-devel-windows-x86_64 0.3-3 6.00 49.00 55.00 OK
r-patched-linux-x86_64 0.3-3 3.48 32.59 36.07 OK
r-release-linux-x86_64 0.3-3 3.57 31.54 35.11 OK
r-release-macos-arm64 0.3-3 20.00 OK
r-release-macos-x86_64 0.3-3 39.00 OK
r-release-windows-x86_64 0.3-3 7.00 51.00 58.00 OK
r-oldrel-macos-arm64 0.3-3 24.00 OK
r-oldrel-windows-x86_64 0.3-3 6.00 48.00 54.00 OK

Check Details

Version: 0.3-3
Check: compiled code
Result: NOTE File ‘rngSetSeed/libs/rngSetSeed.so’: Found no calls to: ‘R_registerRoutines’, ‘R_useDynamicSymbols’ It is good practice to register native routines and to disable symbol search. See ‘Writing portable packages’ in the ‘Writing R Extensions’ manual. Flavors: r-devel-linux-x86_64-fedora-clang, r-devel-linux-x86_64-fedora-gcc