CRAN Package Check Results for Package rngWELL

Last updated on 2022-10-07 14:52:17 CEST.

Flavor Version Tinstall Tcheck Ttotal Status Flags
r-devel-linux-x86_64-debian-clang 0.10-7 6.95 24.79 31.74 OK
r-devel-linux-x86_64-debian-gcc 0.10-7 5.78 19.09 24.87 WARN
r-devel-linux-x86_64-fedora-clang 0.10-7 51.24 WARN
r-devel-linux-x86_64-fedora-gcc 0.10-7 50.92 WARN
r-devel-windows-x86_64 0.10-7 22.00 50.00 72.00 OK
r-patched-linux-x86_64 0.10-7 6.59 23.57 30.16 OK
r-release-linux-x86_64 0.10-7 6.62 23.59 30.21 OK
r-release-macos-arm64 0.10-7 20.00 OK
r-release-macos-x86_64 0.10-7 31.00 OK
r-release-windows-x86_64 0.10-7 25.00 48.00 73.00 OK
r-oldrel-macos-arm64 0.10-7 25.00 OK
r-oldrel-macos-x86_64 0.10-7 41.00 OK
r-oldrel-windows-ix86+x86_64 0.10-7 26.00 34.00 60.00 OK

Check Details

Version: 0.10-7
Check: whether package can be installed
Result: WARN
    Found the following significant warnings:
     rngWELL.h:109:1: warning: function declaration isn’t a prototype [-Wstrict-prototypes]
     rngWELL.c:393:6: warning: function declaration isn’t a prototype [-Wstrict-prototypes]
     runifInterface.c:53:1: warning: function declaration isn’t a prototype [-Wstrict-prototypes]
     runifInterface.c:195:8: warning: function declaration isn’t a prototype [-Wstrict-prototypes]
     runifInterface.c:200:8: warning: function declaration isn’t a prototype [-Wstrict-prototypes]
     runifInterface.c:205:8: warning: function declaration isn’t a prototype [-Wstrict-prototypes]
     runifInterface.c:210:8: warning: function declaration isn’t a prototype [-Wstrict-prototypes]
     runifInterface.c:215:8: warning: function declaration isn’t a prototype [-Wstrict-prototypes]
     runifInterface.c:220:8: warning: function declaration isn’t a prototype [-Wstrict-prototypes]
     runifInterface.c:225:8: warning: function declaration isn’t a prototype [-Wstrict-prototypes]
     runifInterface.c:230:8: warning: function declaration isn’t a prototype [-Wstrict-prototypes]
     runifInterface.c:235:8: warning: function declaration isn’t a prototype [-Wstrict-prototypes]
     runifInterface.c:240:8: warning: function declaration isn’t a prototype [-Wstrict-prototypes]
     runifInterface.c:245:8: warning: function declaration isn’t a prototype [-Wstrict-prototypes]
     runifInterface.c:250:8: warning: function declaration isn’t a prototype [-Wstrict-prototypes]
     runifInterface.c:255:8: warning: function declaration isn’t a prototype [-Wstrict-prototypes]
     runifInterface.c:260:8: warning: function declaration isn’t a prototype [-Wstrict-prototypes]
     runifInterface.c:265:8: warning: function declaration isn’t a prototype [-Wstrict-prototypes]
     runifInterface.c:270:8: warning: function declaration isn’t a prototype [-Wstrict-prototypes]
     runifInterface.c:275:8: warning: function declaration isn’t a prototype [-Wstrict-prototypes]
Flavors: r-devel-linux-x86_64-debian-gcc, r-devel-linux-x86_64-fedora-gcc

Version: 0.10-7
Check: compilation flags used
Result: NOTE
    Compilation used the following non-portable flag(s):
     ‘-Wstrict-prototypes’
Flavor: r-devel-linux-x86_64-debian-gcc

Version: 0.10-7
Check: whether package can be installed
Result: WARN
    Found the following significant warnings:
     ./rngWELL.h:109:14: warning: a function declaration without a prototype is deprecated in all versions of C [-Wstrict-prototypes]
     rngWELL.c:393:14: warning: a function declaration without a prototype is deprecated in all versions of C [-Wstrict-prototypes]
     runifInterface.c:53:112: warning: a function declaration without a prototype is deprecated in all versions of C [-Wstrict-prototypes]
     runifInterface.c:195:27: warning: a function declaration without a prototype is deprecated in all versions of C [-Wstrict-prototypes]
     runifInterface.c:200:27: warning: a function declaration without a prototype is deprecated in all versions of C [-Wstrict-prototypes]
     runifInterface.c:205:27: warning: a function declaration without a prototype is deprecated in all versions of C [-Wstrict-prototypes]
     runifInterface.c:210:27: warning: a function declaration without a prototype is deprecated in all versions of C [-Wstrict-prototypes]
     runifInterface.c:215:27: warning: a function declaration without a prototype is deprecated in all versions of C [-Wstrict-prototypes]
     runifInterface.c:220:27: warning: a function declaration without a prototype is deprecated in all versions of C [-Wstrict-prototypes]
     runifInterface.c:225:27: warning: a function declaration without a prototype is deprecated in all versions of C [-Wstrict-prototypes]
     runifInterface.c:230:28: warning: a function declaration without a prototype is deprecated in all versions of C [-Wstrict-prototypes]
     runifInterface.c:235:28: warning: a function declaration without a prototype is deprecated in all versions of C [-Wstrict-prototypes]
     runifInterface.c:240:29: warning: a function declaration without a prototype is deprecated in all versions of C [-Wstrict-prototypes]
     runifInterface.c:245:29: warning: a function declaration without a prototype is deprecated in all versions of C [-Wstrict-prototypes]
     runifInterface.c:250:29: warning: a function declaration without a prototype is deprecated in all versions of C [-Wstrict-prototypes]
     runifInterface.c:255:29: warning: a function declaration without a prototype is deprecated in all versions of C [-Wstrict-prototypes]
     runifInterface.c:260:29: warning: a function declaration without a prototype is deprecated in all versions of C [-Wstrict-prototypes]
     runifInterface.c:265:29: warning: a function declaration without a prototype is deprecated in all versions of C [-Wstrict-prototypes]
     runifInterface.c:270:29: warning: a function declaration without a prototype is deprecated in all versions of C [-Wstrict-prototypes]
     runifInterface.c:275:29: warning: a function declaration without a prototype is deprecated in all versions of C [-Wstrict-prototypes]
Flavor: r-devel-linux-x86_64-fedora-clang