CRAN Package Check Results for Package rnr

Last updated on 2021-10-21 16:49:57 CEST.

Flavor Version Tinstall Tcheck Ttotal Status Flags
r-devel-linux-x86_64-debian-clang 0.2.1 2.00 21.69 23.69 NOTE
r-devel-linux-x86_64-debian-gcc 0.2.1 1.56 17.10 18.66 NOTE
r-devel-linux-x86_64-fedora-clang 0.2.1 40.16 NOTE
r-devel-linux-x86_64-fedora-gcc 0.2.1 29.24 NOTE
r-devel-windows-x86_64 0.2.1 4.00 32.00 36.00 NOTE
r-devel-windows-x86_64-gcc10-UCRT 0.2.1 NOTE
r-patched-linux-x86_64 0.2.1 2.08 21.26 23.34 NOTE
r-patched-solaris-x86 0.2.1 44.80 NOTE
r-release-linux-x86_64 0.2.1 2.02 21.08 23.10 NOTE
r-release-macos-arm64 0.2.1 NOTE
r-release-macos-x86_64 0.2.1 NOTE
r-release-windows-ix86+x86_64 0.2.1 3.00 40.00 43.00 NOTE
r-oldrel-macos-x86_64 0.2.1 OK
r-oldrel-windows-ix86+x86_64 0.2.1 5.00 41.00 46.00 OK

Check Details

Version: 0.2.1
Check: LazyData
Result: NOTE
     'LazyData' is specified without a 'data' directory
Flavors: r-devel-linux-x86_64-debian-clang, r-devel-linux-x86_64-debian-gcc, r-devel-linux-x86_64-fedora-clang, r-devel-linux-x86_64-fedora-gcc, r-devel-windows-x86_64, r-devel-windows-x86_64-gcc10-UCRT, r-patched-linux-x86_64, r-patched-solaris-x86, r-release-linux-x86_64, r-release-macos-arm64, r-release-macos-x86_64, r-release-windows-ix86+x86_64