CRAN Package Check Results for Package rnr

Last updated on 2023-06-02 01:00:37 CEST.

Flavor Version Tinstall Tcheck Ttotal Status Flags
r-devel-linux-x86_64-debian-clang 0.2.1 1.71 24.03 25.74 NOTE
r-devel-linux-x86_64-debian-gcc 0.2.1 1.60 19.10 20.70 NOTE
r-devel-linux-x86_64-fedora-clang 0.2.1 33.62 NOTE
r-devel-linux-x86_64-fedora-gcc 0.2.1 31.06 NOTE
r-devel-windows-x86_64 0.2.1 3.00 42.00 45.00 NOTE
r-patched-linux-x86_64 0.2.1 NOTE
r-release-linux-x86_64 0.2.1 1.75 23.22 24.97 NOTE
r-release-macos-arm64 0.2.1 16.00 NOTE
r-release-macos-x86_64 0.2.1 20.00 NOTE
r-release-windows-x86_64 0.2.1 4.00 40.00 44.00 NOTE
r-oldrel-macos-arm64 0.2.1 15.00 NOTE
r-oldrel-macos-x86_64 0.2.1 20.00 NOTE
r-oldrel-windows-x86_64 0.2.1 4.00 42.00 46.00 NOTE

Check Details

Version: 0.2.1
Check: LazyData
Result: NOTE
     'LazyData' is specified without a 'data' directory
Flavors: r-devel-linux-x86_64-debian-clang, r-devel-linux-x86_64-debian-gcc, r-devel-linux-x86_64-fedora-clang, r-devel-linux-x86_64-fedora-gcc, r-devel-windows-x86_64, r-patched-linux-x86_64, r-release-linux-x86_64, r-release-macos-arm64, r-release-macos-x86_64, r-release-windows-x86_64, r-oldrel-macos-arm64, r-oldrel-macos-x86_64, r-oldrel-windows-x86_64