Last updated on 2023-02-01 07:53:14 CET.
Flavor | Version | Tinstall | Tcheck | Ttotal | Status | Flags |
---|---|---|---|---|---|---|
r-devel-linux-x86_64-debian-clang | 0.1.0 | 257.25 | 57.02 | 314.27 | NOTE | |
r-devel-linux-x86_64-debian-gcc | 0.1.0 | 195.49 | 41.71 | 237.20 | NOTE | |
r-devel-linux-x86_64-fedora-clang | 0.1.0 | 454.76 | NOTE | |||
r-devel-linux-x86_64-fedora-gcc | 0.1.0 | 415.94 | NOTE | |||
r-devel-windows-x86_64 | 0.1.0 | 176.00 | 110.00 | 286.00 | NOTE | |
r-patched-linux-x86_64 | 0.1.0 | 200.16 | 55.50 | 255.66 | OK | |
r-release-linux-x86_64 | 0.1.0 | 208.39 | 56.56 | 264.95 | OK | |
r-release-macos-arm64 | 0.1.0 | 102.00 | NOTE | |||
r-release-macos-x86_64 | 0.1.0 | 115.00 | NOTE | |||
r-release-windows-x86_64 | 0.1.0 | 167.00 | 115.00 | 282.00 | OK | |
r-oldrel-macos-arm64 | 0.1.0 | 102.00 | NOTE | |||
r-oldrel-macos-x86_64 | 0.1.0 | 143.00 | NOTE | |||
r-oldrel-windows-ix86+x86_64 | 0.1.0 | 578.00 | 138.00 | 716.00 | OK |
Version: 0.1.0
Check: C++ specification
Result: NOTE
Specified C++11: please update to current default of C++17
Flavors: r-devel-linux-x86_64-debian-clang, r-devel-linux-x86_64-debian-gcc, r-devel-linux-x86_64-fedora-clang, r-devel-linux-x86_64-fedora-gcc, r-devel-windows-x86_64
Version: 0.1.0
Check: installed package size
Result: NOTE
installed size is 9.1Mb
sub-directories of 1Mb or more:
libs 8.5Mb
Flavors: r-release-macos-arm64, r-release-macos-x86_64, r-oldrel-macos-arm64, r-oldrel-macos-x86_64