CRAN Package Check Results for Package robfilter

Last updated on 2022-10-05 06:51:32 CEST.

Flavor Version Tinstall Tcheck Ttotal Status Flags
r-devel-linux-x86_64-debian-clang 4.1.2 22.26 101.85 124.11 NOTE
r-devel-linux-x86_64-debian-gcc 4.1.2 17.74 74.08 91.82 NOTE
r-devel-linux-x86_64-fedora-clang 4.1.2 180.84 WARN
r-devel-linux-x86_64-fedora-gcc 4.1.2 154.01 NOTE
r-devel-windows-x86_64 4.1.2 56.00 146.00 202.00 NOTE
r-patched-linux-x86_64 4.1.2 21.06 95.32 116.38 OK
r-release-linux-x86_64 4.1.2 17.91 95.17 113.08 OK
r-release-macos-arm64 4.1.2 42.00 OK
r-release-macos-x86_64 4.1.2 54.00 OK
r-release-windows-x86_64 4.1.2 54.00 150.00 204.00 OK
r-oldrel-macos-arm64 4.1.2 47.00 OK
r-oldrel-macos-x86_64 4.1.2 79.00 OK
r-oldrel-windows-ix86+x86_64 4.1.2 50.00 178.00 228.00 OK

Additional issues

clang15 clang15

Check Details

Version: 4.1.2
Check: Rd files
Result: NOTE
    checkRd: (-1) hybrid.filter.Rd:159: Escaped LaTeX specials: \&
Flavors: r-devel-linux-x86_64-debian-clang, r-devel-linux-x86_64-debian-gcc, r-devel-linux-x86_64-fedora-clang, r-devel-linux-x86_64-fedora-gcc, r-devel-windows-x86_64

Version: 4.1.2
Check: whether package can be installed
Result: WARN
    Found the following significant warnings:
     ./RMquick.h:32:5: warning: invalid UTF-8 in comment [-Winvalid-utf8]
     ./RMquick.h:42:29: warning: invalid UTF-8 in comment [-Winvalid-utf8]
     ./RMquick.h:52:26: warning: invalid UTF-8 in comment [-Winvalid-utf8]
     ./RMquick.h:53:20: warning: invalid UTF-8 in comment [-Winvalid-utf8]
     ./RMquick.h:130:61: warning: invalid UTF-8 in comment [-Winvalid-utf8]
     ./RMquick.h:188:32: warning: invalid UTF-8 in comment [-Winvalid-utf8]
     ./Line.h:15:51: warning: invalid UTF-8 in comment [-Winvalid-utf8]
     ./Line.h:15:61: warning: invalid UTF-8 in comment [-Winvalid-utf8]
     ./Edge.h:105:51: warning: invalid UTF-8 in comment [-Winvalid-utf8]
     ./segment_tree.h:176:25: warning: invalid UTF-8 in comment [-Winvalid-utf8]
     ./segment_tree.h:177:54: warning: invalid UTF-8 in comment [-Winvalid-utf8]
     ./segment_tree.h:179:32: warning: invalid UTF-8 in comment [-Winvalid-utf8]
     ./segment_tree.h:180:36: warning: invalid UTF-8 in comment [-Winvalid-utf8]
     ./segment_tree.h:181:36: warning: invalid UTF-8 in comment [-Winvalid-utf8]
Flavor: r-devel-linux-x86_64-fedora-clang