Last updated on 2023-09-28 08:59:00 CEST.
Flavor | Version | Tinstall | Tcheck | Ttotal | Status | Flags |
---|---|---|---|---|---|---|
r-devel-linux-x86_64-debian-clang | 4.1.3 | 24.57 | 97.18 | 121.75 | NOTE | |
r-devel-linux-x86_64-debian-gcc | 4.1.3 | 16.82 | 72.62 | 89.44 | NOTE | |
r-devel-linux-x86_64-fedora-clang | 4.1.3 | 158.80 | NOTE | |||
r-devel-linux-x86_64-fedora-gcc | 4.1.3 | 147.05 | NOTE | |||
r-devel-windows-x86_64 | 4.1.3 | 19.00 | 115.00 | 134.00 | NOTE | |
r-patched-linux-x86_64 | 4.1.3 | 24.75 | 96.00 | 120.75 | NOTE | |
r-release-linux-x86_64 | 4.1.3 | 20.37 | 96.53 | 116.90 | NOTE | |
r-release-macos-arm64 | 4.1.3 | 44.00 | NOTE | |||
r-release-macos-x86_64 | 4.1.3 | 77.00 | NOTE | |||
r-release-windows-x86_64 | 4.1.3 | 23.00 | 131.00 | 154.00 | NOTE | |
r-oldrel-macos-arm64 | 4.1.3 | 44.00 | OK | |||
r-oldrel-macos-x86_64 | 4.1.3 | 54.00 | OK | |||
r-oldrel-windows-x86_64 | 4.1.3 | 33.00 | 130.00 | 163.00 | OK |
Version: 4.1.3
Check: C++ specification
Result: NOTE
Specified C++11: please drop specification unless essential
Flavors: r-devel-linux-x86_64-debian-clang, r-devel-linux-x86_64-debian-gcc, r-devel-linux-x86_64-fedora-clang, r-devel-linux-x86_64-fedora-gcc, r-devel-windows-x86_64, r-patched-linux-x86_64, r-release-linux-x86_64, r-release-macos-arm64, r-release-macos-x86_64, r-release-windows-x86_64