CRAN Package Check Results for Package roboBayes

Last updated on 2023-02-06 11:04:48 CET.

Flavor Version Tinstall Tcheck Ttotal Status Flags
r-devel-linux-x86_64-debian-clang 1.1 202.27 30.26 232.53 NOTE
r-devel-linux-x86_64-debian-gcc 1.1 149.87 23.22 173.09 NOTE
r-devel-linux-x86_64-fedora-clang 1.1 358.73 NOTE
r-devel-linux-x86_64-fedora-gcc 1.1 305.65 NOTE
r-devel-windows-x86_64 1.1 150.00 82.00 232.00 NOTE
r-patched-linux-x86_64 1.1 166.45 29.07 195.52 OK
r-release-linux-x86_64 1.1 164.96 29.97 194.93 OK
r-release-macos-arm64 1.1 65.00 NOTE
r-release-macos-x86_64 1.1 88.00 NOTE
r-release-windows-x86_64 1.1 164.00 86.00 250.00 OK
r-oldrel-macos-arm64 1.1 58.00 NOTE
r-oldrel-macos-x86_64 1.1 102.00 NOTE
r-oldrel-windows-ix86+x86_64 1.1 492.00 85.00 577.00 OK

Check Details

Version: 1.1
Check: C++ specification
Result: NOTE
     Specified C++11: please update to current default of C++17
Flavors: r-devel-linux-x86_64-debian-clang, r-devel-linux-x86_64-debian-gcc, r-devel-linux-x86_64-fedora-clang, r-devel-linux-x86_64-fedora-gcc, r-devel-windows-x86_64

Version: 1.1
Check: installed package size
Result: NOTE
     installed size is 7.5Mb
     sub-directories of 1Mb or more:
     libs 7.3Mb
Flavors: r-release-macos-arm64, r-release-macos-x86_64, r-oldrel-macos-arm64, r-oldrel-macos-x86_64