CRAN Package Check Results for Package robotoolbox

Last updated on 2023-11-30 18:49:43 CET.

Flavor Version Tinstall Tcheck Ttotal Status Flags
r-devel-linux-x86_64-debian-clang 1.3.2 9.18 125.00 134.18 OK
r-devel-linux-x86_64-debian-gcc 1.3.2 6.78 93.07 99.85 OK
r-devel-linux-x86_64-fedora-clang 1.3.2 174.87 NOTE
r-devel-linux-x86_64-fedora-gcc 1.3.2 182.23 NOTE
r-devel-windows-x86_64 1.3.2 10.00 108.00 118.00 OK
r-patched-linux-x86_64 1.3.2 6.24 117.13 123.37 OK
r-release-linux-x86_64 1.3.2 7.59 119.54 127.13 OK
r-release-macos-arm64 1.3.2 61.00 OK
r-release-macos-x86_64 1.3.2 230.00 OK
r-release-windows-x86_64 1.3.2 14.00 136.00 150.00 OK
r-oldrel-macos-arm64 1.3.2 53.00 OK
r-oldrel-macos-x86_64 1.3.2 67.00 OK
r-oldrel-windows-x86_64 1.3.2 14.00 138.00 152.00 OK

Check Details

Version: 1.3.2
Check: data for non-ASCII characters
Result: NOTE Note: found 19 marked UTF-8 strings Flavors: r-devel-linux-x86_64-fedora-clang, r-devel-linux-x86_64-fedora-gcc