CRAN Package Check Results for Package robregcc

Last updated on 2022-08-16 11:49:43 CEST.

Flavor Version Tinstall Tcheck Ttotal Status Flags
r-devel-linux-x86_64-debian-clang 1.1 43.37 42.85 86.22 OK
r-devel-linux-x86_64-debian-gcc 1.1 40.57 33.04 73.61 OK
r-devel-linux-x86_64-fedora-clang 1.1 130.93 OK
r-devel-linux-x86_64-fedora-gcc 1.1 126.14 OK
r-devel-windows-x86_64 1.1 45.00 88.00 133.00 OK
r-patched-linux-x86_64 1.1 40.25 40.94 81.19 OK
r-release-linux-x86_64 1.1 40.09 41.82 81.91 OK
r-release-macos-arm64 1.1 36.00 NOTE
r-release-macos-x86_64 1.1 47.00 NOTE
r-release-windows-x86_64 1.1 49.00 91.00 140.00 OK
r-oldrel-macos-arm64 1.1 35.00 NOTE
r-oldrel-macos-x86_64 1.1 73.00 OK
r-oldrel-windows-ix86+x86_64 1.1 112.00 102.00 214.00 OK

Check Details

Version: 1.1
Check: installed package size
Result: NOTE
     installed size is 5.0Mb
     sub-directories of 1Mb or more:
     libs 4.7Mb
Flavors: r-release-macos-arm64, r-release-macos-x86_64, r-oldrel-macos-arm64