CRAN Package Check Results for Package robslopes

Last updated on 2023-01-29 22:11:39 CET.

Flavor Version Tinstall Tcheck Ttotal Status Flags
r-devel-linux-x86_64-debian-clang 1.1.2 90.34 29.89 120.23 OK
r-devel-linux-x86_64-debian-gcc 1.1.2 75.37 23.27 98.64 NOTE
r-devel-linux-x86_64-fedora-clang 1.1.2 188.66 NOTE
r-devel-linux-x86_64-fedora-gcc 1.1.2 175.90 NOTE
r-devel-windows-x86_64 1.1.2 90.00 81.00 171.00 NOTE
r-patched-linux-x86_64 1.1.2 79.86 29.43 109.29 OK
r-release-linux-x86_64 1.1.2 81.71 29.43 111.14 OK
r-release-macos-arm64 1.1.2 45.00 OK
r-release-macos-x86_64 1.1.2 57.00 OK
r-release-windows-x86_64 1.1.2 233.00 85.00 318.00 OK
r-oldrel-macos-arm64 1.1.2 43.00 OK
r-oldrel-macos-x86_64 1.1.2 62.00 OK
r-oldrel-windows-ix86+x86_64 1.1.2 235.00 78.00 313.00 OK

Check Details

Version: 1.1.2
Check: C++ specification
Result: NOTE
     Specified C++11: please update to current default of C++17
Flavors: r-devel-linux-x86_64-debian-gcc, r-devel-linux-x86_64-fedora-clang, r-devel-linux-x86_64-fedora-gcc, r-devel-windows-x86_64