CRAN Package Check Results for Package robsurvey

Last updated on 2021-11-29 03:53:19 CET.

Flavor Version Tinstall Tcheck Ttotal Status Flags
r-devel-linux-x86_64-debian-clang 0.1.1 NOTE
r-devel-linux-x86_64-debian-gcc 0.1.1 2.24 32.96 35.20 NOTE
r-devel-linux-x86_64-fedora-clang 0.1.1 64.37 NOTE
r-devel-linux-x86_64-fedora-gcc 0.1.1 53.23 NOTE
r-devel-windows-x86_64-new-UL 0.1.1 13.00 93.00 106.00 NOTE
r-devel-windows-x86_64-new-TK 0.1.1 NOTE
r-devel-windows-x86_64-old 0.1.1 6.00 66.00 72.00 NOTE
r-patched-linux-x86_64 0.1.1 3.83 39.12 42.95 NOTE
r-patched-solaris-x86 0.1.1 71.80 NOTE
r-release-linux-x86_64 0.1.1 3.14 38.33 41.47 NOTE
r-release-macos-arm64 0.1.1 NOTE
r-release-macos-x86_64 0.1.1 NOTE
r-release-windows-ix86+x86_64 0.1.1 11.00 58.00 69.00 NOTE
r-oldrel-macos-x86_64 0.1.1 OK
r-oldrel-windows-ix86+x86_64 0.1.1 8.00 84.00 92.00 OK

Check Details

Version: 0.1.1
Check: LazyData
Result: NOTE
     'LazyData' is specified without a 'data' directory
Flavors: r-devel-linux-x86_64-debian-clang, r-devel-linux-x86_64-debian-gcc, r-devel-linux-x86_64-fedora-clang, r-devel-linux-x86_64-fedora-gcc, r-devel-windows-x86_64-new-UL, r-devel-windows-x86_64-new-TK, r-devel-windows-x86_64-old, r-patched-linux-x86_64, r-patched-solaris-x86, r-release-linux-x86_64, r-release-macos-arm64, r-release-macos-x86_64, r-release-windows-ix86+x86_64