CRAN Package Check Results for Package robumeta

Last updated on 2019-05-21 18:56:41 CEST.

Flavor Version Tinstall Tcheck Ttotal Status Flags
r-devel-linux-x86_64-debian-clang 2.0 2.60 26.13 28.73 OK
r-devel-linux-x86_64-debian-gcc 2.0 2.25 21.08 23.33 OK
r-devel-linux-x86_64-fedora-clang 2.0 36.78 NOTE
r-devel-linux-x86_64-fedora-gcc 2.0 34.09 NOTE
r-devel-windows-ix86+x86_64 2.0 6.00 50.00 56.00 OK
r-patched-linux-x86_64 2.0 2.28 26.29 28.57 OK
r-patched-solaris-x86 2.0 50.30 NOTE
r-release-linux-x86_64 2.0 2.73 26.40 29.13 OK
r-release-windows-ix86+x86_64 2.0 7.00 61.00 68.00 OK
r-release-osx-x86_64 2.0 NOTE
r-oldrel-windows-ix86+x86_64 2.0 6.00 36.00 42.00 OK
r-oldrel-osx-x86_64 2.0 NOTE

Check Details

Version: 2.0
Check: data for non-ASCII characters
Result: NOTE
     Note: found 6 marked UTF-8 strings
Flavors: r-devel-linux-x86_64-fedora-clang, r-devel-linux-x86_64-fedora-gcc, r-patched-solaris-x86, r-release-osx-x86_64, r-oldrel-osx-x86_64