CRAN Package Check Results for Package robumeta

Last updated on 2020-05-28 17:50:16 CEST.

Flavor Version Tinstall Tcheck Ttotal Status Flags
r-devel-linux-x86_64-debian-clang 2.0 3.89 27.94 31.83 OK
r-devel-linux-x86_64-debian-gcc 2.0 2.47 22.78 25.25 OK
r-devel-linux-x86_64-fedora-clang 2.0 39.22 NOTE
r-devel-linux-x86_64-fedora-gcc 2.0 38.67 NOTE
r-devel-windows-ix86+x86_64 2.0 12.00 43.00 55.00 OK
r-patched-linux-x86_64 2.0 3.29 28.37 31.66 OK
r-patched-solaris-x86 2.0 54.10 NOTE
r-release-linux-x86_64 2.0 3.11 28.39 31.50 OK
r-release-osx-x86_64 2.0 NOTE
r-release-windows-ix86+x86_64 2.0 8.00 119.00 127.00 OK
r-oldrel-osx-x86_64 2.0 NOTE
r-oldrel-windows-ix86+x86_64 2.0 13.00 40.00 53.00 OK

Check Details

Version: 2.0
Check: data for non-ASCII characters
Result: NOTE
     Note: found 6 marked UTF-8 strings
Flavors: r-devel-linux-x86_64-fedora-clang, r-devel-linux-x86_64-fedora-gcc, r-patched-solaris-x86, r-release-osx-x86_64, r-oldrel-osx-x86_64