CRAN Package Check Results for Package robumeta

Last updated on 2019-07-18 15:47:34 CEST.

Flavor Version Tinstall Tcheck Ttotal Status Flags
r-devel-linux-x86_64-debian-clang 2.0 2.35 26.38 28.73 OK
r-devel-linux-x86_64-debian-gcc 2.0 2.24 21.31 23.55 OK
r-devel-linux-x86_64-fedora-clang 2.0 36.10 NOTE
r-devel-linux-x86_64-fedora-gcc 2.0 35.81 NOTE
r-devel-windows-ix86+x86_64 2.0 12.00 42.00 54.00 OK
r-patched-linux-x86_64 2.0 2.55 26.41 28.96 OK
r-patched-solaris-x86 2.0 53.30 NOTE
r-release-linux-x86_64 2.0 2.82 27.10 29.92 OK
r-release-windows-ix86+x86_64 2.0 13.00 53.00 66.00 OK
r-release-osx-x86_64 2.0 NOTE
r-oldrel-windows-ix86+x86_64 2.0 6.00 52.00 58.00 OK
r-oldrel-osx-x86_64 2.0 NOTE

Check Details

Version: 2.0
Check: data for non-ASCII characters
Result: NOTE
     Note: found 6 marked UTF-8 strings
Flavors: r-devel-linux-x86_64-fedora-clang, r-devel-linux-x86_64-fedora-gcc, r-patched-solaris-x86, r-release-osx-x86_64, r-oldrel-osx-x86_64