CRAN Package Check Results for Package robustETM

Last updated on 2020-04-03 20:48:36 CEST.

Flavor Version Tinstall Tcheck Ttotal Status Flags
r-devel-linux-x86_64-debian-clang 1.0 2.65 19.79 22.44 OK
r-devel-linux-x86_64-debian-gcc 1.0 1.95 16.10 18.05 OK
r-devel-linux-x86_64-fedora-clang 1.0 27.75 NOTE
r-devel-linux-x86_64-fedora-gcc 1.0 27.41 NOTE
r-devel-windows-ix86+x86_64 1.0 9.00 52.00 61.00 OK
r-devel-windows-ix86+x86_64-gcc8 1.0 8.00 39.00 47.00 OK
r-patched-linux-x86_64 1.0 2.08 19.80 21.88 OK
r-patched-solaris-x86 1.0 46.70 OK
r-release-linux-x86_64 1.0 1.79 18.59 20.38 OK
r-release-windows-ix86+x86_64 1.0 7.00 48.00 55.00 OK
r-release-osx-x86_64 1.0 OK
r-oldrel-windows-ix86+x86_64 1.0 5.00 31.00 36.00 OK
r-oldrel-osx-x86_64 1.0 OK

Check Details

Version: 1.0
Check: compiled code
Result: NOTE
    File ‘robustETM/libs/robustETM.so’:
     Found no calls to: ‘R_registerRoutines’, ‘R_useDynamicSymbols’
    
    It is good practice to register native routines and to disable symbol
    search.
    
    See ‘Writing portable packages’ in the ‘Writing R Extensions’ manual.
Flavors: r-devel-linux-x86_64-fedora-clang, r-devel-linux-x86_64-fedora-gcc