CRAN Package Check Results for Package robustETM

Last updated on 2022-12-06 19:55:55 CET.

Flavor Version Tinstall Tcheck Ttotal Status Flags
r-devel-linux-x86_64-debian-clang 1.0 2.86 24.69 27.55 OK
r-devel-linux-x86_64-debian-gcc 1.0 1.99 19.22 21.21 OK
r-devel-linux-x86_64-fedora-clang 1.0 45.09 NOTE
r-devel-linux-x86_64-fedora-gcc 1.0 43.25 NOTE
r-devel-windows-x86_64 1.0 9.00 51.00 60.00 OK
r-patched-linux-x86_64 1.0 2.58 23.61 26.19 OK
r-release-linux-x86_64 1.0 2.44 24.02 26.46 OK
r-release-macos-arm64 1.0 14.00 OK
r-release-macos-x86_64 1.0 21.00 OK
r-release-windows-x86_64 1.0 8.00 48.00 56.00 OK
r-oldrel-macos-arm64 1.0 18.00 OK
r-oldrel-macos-x86_64 1.0 27.00 OK
r-oldrel-windows-ix86+x86_64 1.0 7.00 36.00 43.00 OK

Check Details

Version: 1.0
Check: compiled code
Result: NOTE
    File ‘robustETM/libs/robustETM.so’:
     Found no calls to: ‘R_registerRoutines’, ‘R_useDynamicSymbols’
    
    It is good practice to register native routines and to disable symbol
    search.
    
    See ‘Writing portable packages’ in the ‘Writing R Extensions’ manual.
Flavors: r-devel-linux-x86_64-fedora-clang, r-devel-linux-x86_64-fedora-gcc