CRAN Package Check Results for Package robustHD

Last updated on 2020-03-28 21:47:58 CET.

Flavor Version Tinstall Tcheck Ttotal Status Flags
r-devel-linux-x86_64-debian-clang 0.6.1 OK
r-devel-linux-x86_64-debian-gcc 0.6.1 86.69 73.72 160.41 OK
r-devel-linux-x86_64-fedora-clang 0.6.1 297.18 NOTE
r-devel-linux-x86_64-fedora-gcc 0.6.1 268.39 OK
r-devel-windows-ix86+x86_64 0.6.1 204.00 151.00 355.00 OK
r-devel-windows-ix86+x86_64-gcc8 0.6.1 243.00 181.00 424.00 OK
r-patched-linux-x86_64 0.6.1 96.54 95.16 191.70 OK
r-patched-solaris-x86 0.6.1 305.00 OK
r-release-linux-x86_64 0.6.1 96.36 91.23 187.59 OK
r-release-windows-ix86+x86_64 0.6.1 336.00 231.00 567.00 OK
r-release-osx-x86_64 0.6.1 NOTE
r-oldrel-windows-ix86+x86_64 0.6.1 269.00 215.00 484.00 OK
r-oldrel-osx-x86_64 0.6.1 NOTE

Check Details

Version: 0.6.1
Check: installed package size
Result: NOTE
     installed size is 7.1Mb
     sub-directories of 1Mb or more:
     libs 6.5Mb
Flavors: r-devel-linux-x86_64-fedora-clang, r-release-osx-x86_64, r-oldrel-osx-x86_64