Last updated on 2022-07-04 17:51:41 CEST.
Flavor | Version | Tinstall | Tcheck | Ttotal | Status | Flags |
---|---|---|---|---|---|---|
r-devel-linux-x86_64-debian-clang | 1.2-5 | 3.51 | 50.73 | 54.24 | OK | |
r-devel-linux-x86_64-debian-gcc | 1.2-5 | 2.28 | 39.67 | 41.95 | OK | |
r-devel-linux-x86_64-fedora-clang | 1.2-5 | 76.95 | NOTE | |||
r-devel-linux-x86_64-fedora-gcc | 1.2-5 | 77.07 | OK | |||
r-devel-windows-x86_64 | 1.2-5 | 15.00 | 76.00 | 91.00 | OK | |
r-patched-linux-x86_64 | 1.2-5 | 4.82 | 47.88 | 52.70 | OK | |
r-release-linux-x86_64 | 1.2-5 | 3.80 | 49.66 | 53.46 | OK | |
r-release-macos-arm64 | 1.2-5 | 25.00 | OK | |||
r-release-macos-x86_64 | 1.2-5 | 33.00 | OK | |||
r-release-windows-x86_64 | 1.2-5 | 21.00 | 79.00 | 100.00 | OK | |
r-oldrel-macos-arm64 | 1.2-5 | 29.00 | OK | |||
r-oldrel-macos-x86_64 | 1.2-5 | 34.00 | OK | |||
r-oldrel-windows-ix86+x86_64 | 1.2-5 | 7.00 | 65.00 | 72.00 | OK |
Version: 1.2-5
Check: Rd cross-references
Result: NOTE
Undeclared package ‘pcaPP’ in Rd xrefs
Flavor: r-devel-linux-x86_64-fedora-clang