CRAN Package Check Results for Package robustX

Last updated on 2022-11-26 16:49:41 CET.

Flavor Version Tinstall Tcheck Ttotal Status Flags
r-devel-linux-x86_64-debian-clang 1.2-5 3.40 47.55 50.95 OK
r-devel-linux-x86_64-debian-gcc 1.2-5 3.33 37.68 41.01 OK
r-devel-linux-x86_64-fedora-clang 1.2-5 76.09 NOTE
r-devel-linux-x86_64-fedora-gcc 1.2-5 79.29 OK
r-devel-windows-x86_64 1.2-5 11.00 82.00 93.00 OK
r-patched-linux-x86_64 1.2-5 OK
r-release-linux-x86_64 1.2-5 4.04 49.87 53.91 OK
r-release-macos-arm64 1.2-5 25.00 OK
r-release-macos-x86_64 1.2-5 33.00 OK
r-release-windows-x86_64 1.2-5 16.00 82.00 98.00 OK
r-oldrel-macos-arm64 1.2-5 29.00 OK
r-oldrel-macos-x86_64 1.2-5 34.00 OK
r-oldrel-windows-ix86+x86_64 1.2-5 8.00 70.00 78.00 OK

Additional issues

ATLAS

Check Details

Version: 1.2-5
Check: Rd cross-references
Result: NOTE
    Undeclared package ‘pcaPP’ in Rd xrefs
Flavor: r-devel-linux-x86_64-fedora-clang