CRAN Package Check Results for Package robustloggamma

Last updated on 2019-07-17 18:48:11 CEST.

Flavor Version Tinstall Tcheck Ttotal Status Flags
r-devel-linux-x86_64-debian-clang 1.0-2.1 15.31 188.06 203.37 OK
r-devel-linux-x86_64-debian-gcc 1.0-2.1 13.71 142.48 156.19 OK
r-devel-linux-x86_64-fedora-clang 1.0-2.1 240.04 NOTE
r-devel-linux-x86_64-fedora-gcc 1.0-2.1 239.73 NOTE
r-devel-windows-ix86+x86_64 1.0-2.1 39.00 297.00 336.00 OK
r-patched-linux-x86_64 1.0-2.1 16.25 184.50 200.75 OK
r-patched-solaris-x86 1.0-2.1 368.50 OK
r-release-linux-x86_64 1.0-2.1 14.57 183.92 198.49 OK
r-release-windows-ix86+x86_64 1.0-2.1 31.00 394.00 425.00 OK
r-release-osx-x86_64 1.0-2.1 OK
r-oldrel-windows-ix86+x86_64 1.0-2.1 24.00 385.00 409.00 OK
r-oldrel-osx-x86_64 1.0-2.1 OK

Check Details

Version: 1.0-2.1
Check: compiled code
Result: NOTE
    File ‘robustloggamma/libs/robustloggamma.so’:
     Found no calls to: ‘R_registerRoutines’, ‘R_useDynamicSymbols’
    
    It is good practice to register native routines and to disable symbol
    search.
    
    See ‘Writing portable packages’ in the ‘Writing R Extensions’ manual.
Flavors: r-devel-linux-x86_64-fedora-clang, r-devel-linux-x86_64-fedora-gcc