CRAN Package Check Results for Package robustrao

Last updated on 2024-06-13 13:49:27 CEST.

Flavor Version Tinstall Tcheck Ttotal Status Flags
r-devel-linux-x86_64-debian-clang 1.0-5 3.85 37.37 41.22 OK
r-devel-linux-x86_64-debian-gcc 1.0-5 0.37 1.67 2.04 ERROR
r-devel-linux-x86_64-fedora-clang 1.0-5 53.09 OK
r-devel-linux-x86_64-fedora-gcc 1.0-5 50.40 OK
r-devel-windows-x86_64 1.0-5 4.00 53.00 57.00 OK
r-patched-linux-x86_64 1.0-5 4.79 37.10 41.89 OK
r-release-linux-x86_64 1.0-5 3.85 37.37 41.22 OK
r-release-macos-arm64 1.0-5 22.00 OK
r-release-macos-x86_64 1.0-5 30.00 OK
r-release-windows-x86_64 1.0-5 5.00 54.00 59.00 OK
r-oldrel-macos-arm64 1.0-5 22.00 OK
r-oldrel-macos-x86_64 1.0-5 32.00 OK
r-oldrel-windows-x86_64 1.0-5 6.00 58.00 64.00 OK

Check Details

Version: 1.0-5
Check: package dependencies
Result: ERROR Package required but not available: ‘igraph’ See section ‘The DESCRIPTION file’ in the ‘Writing R Extensions’ manual. Flavor: r-devel-linux-x86_64-debian-gcc