CRAN Package Check Results for Package robustsur

Last updated on 2022-01-28 00:49:06 CET.

Flavor Version Tinstall Tcheck Ttotal Status Flags
r-devel-linux-x86_64-debian-clang 0.0-7 12.19 112.20 124.39 OK
r-devel-linux-x86_64-debian-gcc 0.0-7 8.11 83.88 91.99 OK
r-devel-linux-x86_64-fedora-clang 0.0-7 142.35 OK
r-devel-linux-x86_64-fedora-gcc 0.0-7 135.17 OK
r-devel-windows-x86_64-new-UL 0.0-7 20.00 123.00 143.00 OK
r-devel-windows-x86_64-new-TK 0.0-7 ERROR
r-patched-linux-x86_64 0.0-7 13.31 103.99 117.30 OK
r-release-linux-x86_64 0.0-7 10.37 98.75 109.12 OK
r-release-macos-arm64 0.0-7 OK
r-release-macos-x86_64 0.0-7 OK
r-release-windows-ix86+x86_64 0.0-7 28.00 112.00 140.00 OK
r-oldrel-macos-x86_64 0.0-7 OK
r-oldrel-windows-ix86+x86_64 0.0-7 27.00 117.00 144.00 OK

Check Details

Version: 0.0-7
Check: package dependencies
Result: NOTE
    Package suggested but not available for checking: 'systemfit'
Flavor: r-devel-windows-x86_64-new-TK

Version: 0.0-7
Check: Rd cross-references
Result: NOTE
    Package unavailable to check Rd xrefs: 'systemfit'
Flavor: r-devel-windows-x86_64-new-TK

Version: 0.0-7
Check: examples
Result: ERROR
    Running examples in 'robustsur-Ex.R' failed
    The error most likely occurred in:
    
    > ### Name: summary.surerob
    > ### Title: Summary of surerob estimation
    > ### Aliases: summary.surerob print.summary.surerob
    > ### Keywords: models
    >
    > ### ** Examples
    >
    > library(systemfit)
    Error in library(systemfit) : there is no package called 'systemfit'
    Execution halted
Flavor: r-devel-windows-x86_64-new-TK