Last updated on 2022-06-30 12:55:20 CEST.
Flavor | Version | Tinstall | Tcheck | Ttotal | Status | Flags |
---|---|---|---|---|---|---|
r-devel-linux-x86_64-debian-clang | 0.1.0 | 5.10 | 43.61 | 48.71 | NOTE | |
r-devel-linux-x86_64-debian-gcc | 0.1.0 | 4.01 | 33.98 | 37.99 | NOTE | |
r-devel-linux-x86_64-fedora-clang | 0.1.0 | 69.43 | NOTE | |||
r-devel-linux-x86_64-fedora-gcc | 0.1.0 | 72.02 | NOTE | |||
r-devel-windows-x86_64 | 0.1.0 | 15.00 | 69.00 | 84.00 | NOTE | |
r-patched-linux-x86_64 | 0.1.0 | 5.46 | 43.72 | 49.18 | NOTE | |
r-release-linux-x86_64 | 0.1.0 | 5.43 | 43.26 | 48.69 | NOTE | |
r-release-macos-arm64 | 0.1.0 | 24.00 | NOTE | |||
r-release-macos-x86_64 | 0.1.0 | 29.00 | NOTE | |||
r-release-windows-x86_64 | 0.1.0 | 32.00 | 67.00 | 99.00 | NOTE | |
r-oldrel-macos-arm64 | 0.1.0 | 25.00 | NOTE | |||
r-oldrel-macos-x86_64 | 0.1.0 | 38.00 | NOTE | |||
r-oldrel-windows-ix86+x86_64 | 0.1.0 | 12.00 | 57.00 | 69.00 | NOTE |
Version: 0.1.0
Check: LazyData
Result: NOTE
'LazyData' is specified without a 'data' directory
Flavors: r-devel-linux-x86_64-debian-clang, r-devel-linux-x86_64-debian-gcc, r-devel-linux-x86_64-fedora-clang, r-devel-linux-x86_64-fedora-gcc, r-devel-windows-x86_64, r-patched-linux-x86_64, r-release-linux-x86_64, r-release-macos-arm64, r-release-macos-x86_64, r-release-windows-x86_64, r-oldrel-macos-arm64, r-oldrel-macos-x86_64, r-oldrel-windows-ix86+x86_64